{"id":855,"date":"2020-06-21T08:22:22","date_gmt":"2020-06-21T08:22:22","guid":{"rendered":"http:\/\/daniel-behmenburg.de\/?page_id=855"},"modified":"2020-09-01T07:06:54","modified_gmt":"2020-09-01T07:06:54","slug":"daniel","status":"publish","type":"page","link":"https:\/\/daniel-behmenburg.de\/?page_id=855","title":{"rendered":"Daniel"},"content":{"rendered":"\n<div class=\"wp-block-themeisle-blocks-advanced-columns has-1-columns has-desktop-equal-layout has-tablet-equal-layout has-mobile-equal-layout has-default-gap has-vertical-unset\" id=\"wp-block-themeisle-blocks-advanced-columns-b76cd0a9\"><div class=\"wp-block-themeisle-blocks-advanced-columns-overlay\"><\/div><div class=\"innerblocks-wrap\">\n<div class=\"wp-block-themeisle-blocks-advanced-column\" id=\"wp-block-themeisle-blocks-advanced-column-215a9d86\">\n<figure class=\"wp-block-embed-youtube wp-block-embed is-type-video is-provider-youtube wp-embed-aspect-16-9 wp-has-aspect-ratio\"><div class=\"wp-block-embed__wrapper\">\n<iframe loading=\"lazy\" title=\"Daniel Behmenburg fu\u0308r den Stadtrat\" width=\"750\" height=\"422\" src=\"https:\/\/www.youtube.com\/embed\/kXaw_1pwmDw?feature=oembed\" frameborder=\"0\" allow=\"accelerometer; autoplay; encrypted-media; gyroscope; picture-in-picture\" allowfullscreen><\/iframe>\n<\/div><\/figure>\n\n\n\n<div class=\"wp-block-media-text alignwide is-stacked-on-mobile\" style=\"grid-template-columns:27% auto\"><figure class=\"wp-block-media-text__media\"><img loading=\"lazy\" decoding=\"async\" width=\"1024\" height=\"1024\" src=\"http:\/\/daniel-behmenburg.de\/wp-content\/uploads\/2020\/06\/Kandidatenfoto-Daniel-Behmenburg-quad-1024x1024.jpg\" alt=\"\" class=\"wp-image-782\" srcset=\"https:\/\/daniel-behmenburg.de\/wp-content\/uploads\/2020\/06\/Kandidatenfoto-Daniel-Behmenburg-quad-1024x1024.jpg 1024w, https:\/\/daniel-behmenburg.de\/wp-content\/uploads\/2020\/06\/Kandidatenfoto-Daniel-Behmenburg-quad-300x300.jpg 300w, https:\/\/daniel-behmenburg.de\/wp-content\/uploads\/2020\/06\/Kandidatenfoto-Daniel-Behmenburg-quad-150x150.jpg 150w, https:\/\/daniel-behmenburg.de\/wp-content\/uploads\/2020\/06\/Kandidatenfoto-Daniel-Behmenburg-quad-768x768.jpg 768w, https:\/\/daniel-behmenburg.de\/wp-content\/uploads\/2020\/06\/Kandidatenfoto-Daniel-Behmenburg-quad-1536x1536.jpg 1536w, https:\/\/daniel-behmenburg.de\/wp-content\/uploads\/2020\/06\/Kandidatenfoto-Daniel-Behmenburg-quad-2048x2048.jpg 2048w\" sizes=\"auto, (max-width: 1024px) 100vw, 1024px\" \/><\/figure><div class=\"wp-block-media-text__content\">\n<p><strong>Liebe Besucherinnen und Besucher,<\/strong><\/p>\n\n\n\n<p>herzlich willkommen hier auf meiner Internetseite. Mein Name ist Daniel Behmenburg. Ich bin als ehrenamtlicher Kommunalpolitiker f\u00fcr Kettwig, unseren Stadtbezirk IX und die Stadt Essen aktiv.<\/p>\n<\/div><\/div>\n\n\n\n<p>Auf den folgenden Seiten m\u00f6chte ich Ihnen ein wenig \u00fcber mich und mein Engagement erz\u00e4hlen, m\u00f6chte Hinweise und hilfreiche Tipps geben.<\/p>\n\n\n\n<p>Das ist aber keine Einbahnstra\u00dfe. Die Herausforderung, die Zukunft unserer Stadtteile zu gestalten, kann man nicht alleine stemmen. Dazu geh\u00f6rt ein enger Schulterschluss all derer, denen das Wohl unserer Stadtteile im konstruktiven Austausch wichtig ist. Ich&nbsp; m\u00f6chte gerne in den Dialog mit Ihnen treten.&nbsp;<strong>Ihre Ideen sind mir wichtig.<\/strong><\/p>\n\n\n\n<p>Sprechen Sie mich an!<br>Ihr Daniel Behmenburg<\/p>\n\n\n\n<p><strong>Politische Stationen:<\/strong><\/p>\n\n\n\n<ul class=\"wp-block-list\"><li>1999: Eintritt in die SPD<\/li><li>2005 bis 2008: Vorsitzender der Essener Jusos<\/li><li>seit 2007: Mitglied der Bezirksvertretung IX<\/li><li>seit 2008: Vorsitzender der SPD-Fraktion in der Bezirksvertretung IX<\/li><li>seit 2014: Sprecher der SPD-Fraktionsvorsitzenden in den Essener Bezirksvertretungen<\/li><li>seit 2017: Sachkundiger B\u00fcrger im Ausschuss f\u00fcr Stadtentwicklung und Stadtplanung<\/li><li>seit 2019: Vorsitzender der SPD in Kettwig<\/li><\/ul>\n<\/div>\n<\/div><\/div>\n\n\n\n<figure class=\"wp-block-embed-youtube wp-block-embed is-type-video is-provider-youtube wp-embed-aspect-16-9 wp-has-aspect-ratio\"><div class=\"wp-block-embed__wrapper\">\n<iframe loading=\"lazy\" title=\"Essener Wunsch von Daniel Behmenburg zur Kommunalwahl 2020\" width=\"750\" height=\"422\" src=\"https:\/\/www.youtube.com\/embed\/A1woTFhLFMI?feature=oembed\" frameborder=\"0\" allow=\"accelerometer; autoplay; encrypted-media; gyroscope; picture-in-picture\" allowfullscreen><\/iframe>\n<\/div><\/figure>\n","protected":false},"excerpt":{"rendered":"","protected":false},"author":1,"featured_media":781,"parent":0,"menu_order":0,"comment_status":"closed","ping_status":"closed","template":"","meta":{"footnotes":""},"class_list":["post-855","page","type-page","status-publish","has-post-thumbnail","hentry"],"_links":{"self":[{"href":"https:\/\/daniel-behmenburg.de\/index.php?rest_route=\/wp\/v2\/pages\/855","targetHints":{"allow":["GET"]}}],"collection":[{"href":"https:\/\/daniel-behmenburg.de\/index.php?rest_route=\/wp\/v2\/pages"}],"about":[{"href":"https:\/\/daniel-behmenburg.de\/index.php?rest_route=\/wp\/v2\/types\/page"}],"author":[{"embeddable":true,"href":"https:\/\/daniel-behmenburg.de\/index.php?rest_route=\/wp\/v2\/users\/1"}],"replies":[{"embeddable":true,"href":"https:\/\/daniel-behmenburg.de\/index.php?rest_route=%2Fwp%2Fv2%2Fcomments&post=855"}],"version-history":[{"count":6,"href":"https:\/\/daniel-behmenburg.de\/index.php?rest_route=\/wp\/v2\/pages\/855\/revisions"}],"predecessor-version":[{"id":1204,"href":"https:\/\/daniel-behmenburg.de\/index.php?rest_route=\/wp\/v2\/pages\/855\/revisions\/1204"}],"wp:featuredmedia":[{"embeddable":true,"href":"https:\/\/daniel-behmenburg.de\/index.php?rest_route=\/wp\/v2\/media\/781"}],"wp:attachment":[{"href":"https:\/\/daniel-behmenburg.de\/index.php?rest_route=%2Fwp%2Fv2%2Fmedia&parent=855"}],"curies":[{"name":"wp","href":"https:\/\/api.w.org\/{rel}","templated":true}]}}

<div class="wp-block-themeisle-blocks-advanced-columns has-1-columns has-desktop-equal-layout has-tablet-equal-layout has-mobile-equal-layout has-default-gap has-vertical-unset" id="wp-block-themeisle-blocks-advanced-columns-b76cd0a9"><div class="wp-block-themeisle-blocks-advanced-columns-overlay"></div><div class="innerblocks-wrap">
<div class="wp-block-themeisle-blocks-advanced-column" id="wp-block-themeisle-blocks-advanced-column-215a9d86">
<figure class="wp-block-embed-youtube wp-block-embed is-type-video is-provider-youtube wp-embed-aspect-16-9 wp-has-aspect-ratio"><div class="wp-block-embed__wrapper">
<iframe loading="lazy" title="Daniel Behmenburg für den Stadtrat" width="750" height="422" src="https://www.youtube.com/embed/kXaw_1pwmDw?feature=oembed" frameborder="0" allow="accelerometer; autoplay; encrypted-media; gyroscope; picture-in-picture" allowfullscreen></iframe>
</div></figure>



<div class="wp-block-media-text alignwide is-stacked-on-mobile" style="grid-template-columns:27% auto"><figure class="wp-block-media-text__media"><img loading="lazy" decoding="async" width="1024" height="1024" src="http://daniel-behmenburg.de/wp-content/uploads/2020/06/Kandidatenfoto-Daniel-Behmenburg-quad-1024x1024.jpg" alt="" class="wp-image-782" srcset="https://daniel-behmenburg.de/wp-content/uploads/2020/06/Kandidatenfoto-Daniel-Behmenburg-quad-1024x1024.jpg 1024w, https://daniel-behmenburg.de/wp-content/uploads/2020/06/Kandidatenfoto-Daniel-Behmenburg-quad-300x300.jpg 300w, https://daniel-behmenburg.de/wp-content/uploads/2020/06/Kandidatenfoto-Daniel-Behmenburg-quad-150x150.jpg 150w, https://daniel-behmenburg.de/wp-content/uploads/2020/06/Kandidatenfoto-Daniel-Behmenburg-quad-768x768.jpg 768w, https://daniel-behmenburg.de/wp-content/uploads/2020/06/Kandidatenfoto-Daniel-Behmenburg-quad-1536x1536.jpg 1536w, https://daniel-behmenburg.de/wp-content/uploads/2020/06/Kandidatenfoto-Daniel-Behmenburg-quad-2048x2048.jpg 2048w" sizes="auto, (max-width: 1024px) 100vw, 1024px" /></figure><div class="wp-block-media-text__content">
<p><strong>Liebe Besucherinnen und Besucher,</strong></p>



<p>herzlich willkommen hier auf meiner Internetseite. Mein Name ist Daniel Behmenburg. Ich bin als ehrenamtlicher Kommunalpolitiker für Kettwig, unseren Stadtbezirk IX und die Stadt Essen aktiv.</p>
</div></div>



<p>Auf den folgenden Seiten möchte ich Ihnen ein wenig über mich und mein Engagement erzählen, möchte Hinweise und hilfreiche Tipps geben.</p>



<p>Das ist aber keine Einbahnstraße. Die Herausforderung, die Zukunft unserer Stadtteile zu gestalten, kann man nicht alleine stemmen. Dazu gehört ein enger Schulterschluss all derer, denen das Wohl unserer Stadtteile im konstruktiven Austausch wichtig ist. Ich&nbsp; möchte gerne in den Dialog mit Ihnen treten.&nbsp;<strong>Ihre Ideen sind mir wichtig.</strong></p>



<p>Sprechen Sie mich an!<br>Ihr Daniel Behmenburg</p>



<p><strong>Politische Stationen:</strong></p>



<ul class="wp-block-list"><li>1999: Eintritt in die SPD</li><li>2005 bis 2008: Vorsitzender der Essener Jusos</li><li>seit 2007: Mitglied der Bezirksvertretung IX</li><li>seit 2008: Vorsitzender der SPD-Fraktion in der Bezirksvertretung IX</li><li>seit 2014: Sprecher der SPD-Fraktionsvorsitzenden in den Essener Bezirksvertretungen</li><li>seit 2017: Sachkundiger Bürger im Ausschuss für Stadtentwicklung und Stadtplanung</li><li>seit 2019: Vorsitzender der SPD in Kettwig</li></ul>
</div>
</div></div>



<figure class="wp-block-embed-youtube wp-block-embed is-type-video is-provider-youtube wp-embed-aspect-16-9 wp-has-aspect-ratio"><div class="wp-block-embed__wrapper">
<iframe loading="lazy" title="Essener Wunsch von Daniel Behmenburg zur Kommunalwahl 2020" width="750" height="422" src="https://www.youtube.com/embed/A1woTFhLFMI?feature=oembed" frameborder="0" allow="accelerometer; autoplay; encrypted-media; gyroscope; picture-in-picture" allowfullscreen></iframe>
</div></figure>
