{"id":1251,"date":"2020-10-10T06:26:50","date_gmt":"2020-10-10T06:26:50","guid":{"rendered":"http:\/\/daniel-behmenburg.de\/?page_id=1251"},"modified":"2020-10-11T07:09:47","modified_gmt":"2020-10-11T07:09:47","slug":"am-boegelsknappen-1","status":"publish","type":"page","link":"https:\/\/daniel-behmenburg.de\/?page_id=1251","title":{"rendered":"Am B\u00f6gelsknappen 1"},"content":{"rendered":"\n<p>Das Geb\u00e4ude &#8222;Am B\u00f6gelsknappen 1&#8220; hat der selbst\u00e4ndigen Stadt Kettwig wie auch dem Stadtteil der Stadt Essen in verschiedener Funktion gedient. Es war unter anderem Gastst\u00e4tte, Stadthalle, Kranken- und \u00c4rztehaus, Pflege- und Musikschule und ein Haus der Kunst, Kultur und Architektur. Insbesondere letztere Epoche ist unwiderruflich mit dem weit \u00fcber Kettwig hinaus bekannten Namen Werner Ruhnau verkn\u00fcpft.<\/p>\n\n\n\n<p>Nicht nur die Architektur dieser Immobilie ist eine besondere, auch die Nutzungen \u00fcber die Jahrzehnte und damit die sich stetig wandelnde Bedeutung f\u00fcr die Kettwigerinnen und Kettwiger suchen ihresgleichen.<\/p>\n\n\n\n<figure class=\"wp-block-gallery columns-2 is-cropped wp-block-gallery-1 is-layout-flex wp-block-gallery-is-layout-flex\"><ul class=\"blocks-gallery-grid\"><li class=\"blocks-gallery-item\"><figure><img loading=\"lazy\" decoding=\"async\" width=\"1024\" height=\"683\" src=\"http:\/\/daniel-behmenburg.de\/wp-content\/uploads\/2020\/10\/Villa-Ruhnau-1024x683.jpg\" alt=\"\" data-id=\"1256\" data-full-url=\"http:\/\/daniel-behmenburg.de\/wp-content\/uploads\/2020\/10\/Villa-Ruhnau-scaled.jpg\" data-link=\"http:\/\/daniel-behmenburg.de\/?attachment_id=1256\" class=\"wp-image-1256\" srcset=\"https:\/\/daniel-behmenburg.de\/wp-content\/uploads\/2020\/10\/Villa-Ruhnau-1024x683.jpg 1024w, https:\/\/daniel-behmenburg.de\/wp-content\/uploads\/2020\/10\/Villa-Ruhnau-300x200.jpg 300w, https:\/\/daniel-behmenburg.de\/wp-content\/uploads\/2020\/10\/Villa-Ruhnau-768x512.jpg 768w, https:\/\/daniel-behmenburg.de\/wp-content\/uploads\/2020\/10\/Villa-Ruhnau-1536x1024.jpg 1536w, https:\/\/daniel-behmenburg.de\/wp-content\/uploads\/2020\/10\/Villa-Ruhnau-2048x1365.jpg 2048w, https:\/\/daniel-behmenburg.de\/wp-content\/uploads\/2020\/10\/Villa-Ruhnau-360x240.jpg 360w\" sizes=\"auto, (max-width: 1024px) 100vw, 1024px\" \/><\/figure><\/li><li class=\"blocks-gallery-item\"><figure><img loading=\"lazy\" decoding=\"async\" width=\"1024\" height=\"683\" src=\"http:\/\/daniel-behmenburg.de\/wp-content\/uploads\/2020\/10\/Villa-Ruhnau-Tafel-1024x683.jpg\" alt=\"\" data-id=\"1257\" data-full-url=\"http:\/\/daniel-behmenburg.de\/wp-content\/uploads\/2020\/10\/Villa-Ruhnau-Tafel-scaled.jpg\" data-link=\"http:\/\/daniel-behmenburg.de\/?attachment_id=1257\" class=\"wp-image-1257\" srcset=\"https:\/\/daniel-behmenburg.de\/wp-content\/uploads\/2020\/10\/Villa-Ruhnau-Tafel-1024x683.jpg 1024w, https:\/\/daniel-behmenburg.de\/wp-content\/uploads\/2020\/10\/Villa-Ruhnau-Tafel-300x200.jpg 300w, https:\/\/daniel-behmenburg.de\/wp-content\/uploads\/2020\/10\/Villa-Ruhnau-Tafel-768x512.jpg 768w, https:\/\/daniel-behmenburg.de\/wp-content\/uploads\/2020\/10\/Villa-Ruhnau-Tafel-1536x1024.jpg 1536w, https:\/\/daniel-behmenburg.de\/wp-content\/uploads\/2020\/10\/Villa-Ruhnau-Tafel-2048x1365.jpg 2048w, https:\/\/daniel-behmenburg.de\/wp-content\/uploads\/2020\/10\/Villa-Ruhnau-Tafel-360x240.jpg 360w\" sizes=\"auto, (max-width: 1024px) 100vw, 1024px\" \/><\/figure><\/li><\/ul><\/figure>\n\n\n\n<p>Egal, ob es in der eigenen Erinnerung nun \u201eZum Luftigen\u201c, \u201eKreiskinderkrankenhaus\u201c oder \u201eVilla Ruhnau\u201c oder anders hei\u00dft: Dieses Geb\u00e4ude ist immer mehr als nur die Anschrift \u201eAm B\u00f6gelsknappen 1\u201c. Und das sollte auch in der Zukunft so bleiben. Am Rande der Kettwiger Altstadt gelegen, ist es f\u00fcr viele aus dem Stadtbild unseres Dorfes nicht mehr wegzudenken.<\/p>\n\n\n\n<p>Die Meldung vom beabsichtigten Abriss durch den Eigent\u00fcmer hat mich pers\u00f6nlich, die SPD-Fraktion in der Bezirksvertretung IX und die SPD in Kettwig schockiert.<\/p>\n\n\n\n<p>Hier ein paar Links von einer Auswahl unserer Ver\u00f6ffentlichungen zum Thema: <\/p>\n\n\n\n<div class=\"wp-block-file\"><a href=\"http:\/\/daniel-behmenburg.de\/wp-content\/uploads\/2020\/10\/20201008-Schreiben-Glu\u0308ckauf-Villa-Ruhnau.pdf\">Schreiben Glu\u0308ckauf PromA GmbH bzgl. Villa (8. Okrober 2020) Ruhnau<\/a><a href=\"http:\/\/daniel-behmenburg.de\/wp-content\/uploads\/2020\/10\/20201008-Schreiben-Glu\u0308ckauf-Villa-Ruhnau.pdf\" class=\"wp-block-file__button\" download>Herunterladen<\/a><\/div>\n\n\n\n<p>SPD-Fraktion fordert Moratorium f\u00fcr das Gel\u00e4nde der Villa Ruhnau (18. Juni 2020) <a href=\"http:\/\/daniel-behmenburg.de\/?p=732\">http:\/\/daniel-behmenburg.de\/?p=732<\/a><\/p>\n\n\n\n<p>Ablehnendes Votum zum Denkmalschutz am B\u00f6gelsknappen entt\u00e4uscht SPD-Fraktion (13. Mai 2020) <a href=\"http:\/\/daniel-behmenburg.de\/?p=636\">http:\/\/daniel-behmenburg.de\/?p=636<\/a><\/p>\n\n\n\n<p>SPD-Fraktion steht auch weiterhin zum Erhalt der Immobilie am B\u00f6gelsknappen 1 in Kettwig (3. Juli 2019)  <a href=\"http:\/\/daniel-behmenburg.de\/?p=597\">http:\/\/daniel-behmenburg.de\/?p=597<\/a><\/p>\n\n\n\n<div class=\"wp-block-file\"><a href=\"http:\/\/daniel-behmenburg.de\/wp-content\/uploads\/2020\/10\/Broschu\u0308re-HVV-Am-Bo\u0308gelsknappen-1.pdf\">Der Heimat- und Verkehrsvereins Kettwig hat eine interessante Br\u00f6sch\u00fcre zu dem Geb\u00e4ude herausgebracht:<br>Broschu\u0308re HVV Am Bo\u0308gelsknappen 1<\/a><a href=\"http:\/\/daniel-behmenburg.de\/wp-content\/uploads\/2020\/10\/Broschu\u0308re-HVV-Am-Bo\u0308gelsknappen-1.pdf\" class=\"wp-block-file__button\" download>Herunterladen<\/a><\/div>\n","protected":false},"excerpt":{"rendered":"<p>Das Geb\u00e4ude &#8222;Am B\u00f6gelsknappen 1&#8220; hat der selbst\u00e4ndigen Stadt Kettwig wie auch dem Stadtteil der Stadt Essen in verschiedener Funktion gedient. Es war unter anderem Gastst\u00e4tte, Stadthalle, Kranken- und \u00c4rztehaus, Pflege- und Musikschule und ein Haus der Kunst, Kultur und Architektur. Insbesondere letztere Epoche ist unwiderruflich mit dem weit \u00fcber [&hellip;]<\/p>\n","protected":false},"author":1,"featured_media":0,"parent":0,"menu_order":0,"comment_status":"closed","ping_status":"closed","template":"","meta":{"footnotes":""},"class_list":["post-1251","page","type-page","status-publish","hentry"],"_links":{"self":[{"href":"https:\/\/daniel-behmenburg.de\/index.php?rest_route=\/wp\/v2\/pages\/1251","targetHints":{"allow":["GET"]}}],"collection":[{"href":"https:\/\/daniel-behmenburg.de\/index.php?rest_route=\/wp\/v2\/pages"}],"about":[{"href":"https:\/\/daniel-behmenburg.de\/index.php?rest_route=\/wp\/v2\/types\/page"}],"author":[{"embeddable":true,"href":"https:\/\/daniel-behmenburg.de\/index.php?rest_route=\/wp\/v2\/users\/1"}],"replies":[{"embeddable":true,"href":"https:\/\/daniel-behmenburg.de\/index.php?rest_route=%2Fwp%2Fv2%2Fcomments&post=1251"}],"version-history":[{"count":6,"href":"https:\/\/daniel-behmenburg.de\/index.php?rest_route=\/wp\/v2\/pages\/1251\/revisions"}],"predecessor-version":[{"id":1260,"href":"https:\/\/daniel-behmenburg.de\/index.php?rest_route=\/wp\/v2\/pages\/1251\/revisions\/1260"}],"wp:attachment":[{"href":"https:\/\/daniel-behmenburg.de\/index.php?rest_route=%2Fwp%2Fv2%2Fmedia&parent=1251"}],"curies":[{"name":"wp","href":"https:\/\/api.w.org\/{rel}","templated":true}]}}

Am Bögelsknappen 1

<p>Das Gebäude &#8222;Am Bögelsknappen 1&#8220; hat der selbständigen Stadt Kettwig wie auch dem Stadtteil der Stadt Essen in verschiedener Funktion gedient. Es war unter anderem Gaststätte, Stadthalle, Kranken- und Ärztehaus, Pflege- und Musikschule und ein Haus der Kunst, Kultur und Architektur. Insbesondere letztere Epoche ist unwiderruflich mit dem weit über Kettwig hinaus bekannten Namen Werner Ruhnau verknüpft.</p>



<p>Nicht nur die Architektur dieser Immobilie ist eine besondere, auch die Nutzungen über die Jahrzehnte und damit die sich stetig wandelnde Bedeutung für die Kettwigerinnen und Kettwiger suchen ihresgleichen.</p>



<figure class="wp-block-gallery columns-2 is-cropped wp-block-gallery-1 is-layout-flex wp-block-gallery-is-layout-flex"><ul class="blocks-gallery-grid"><li class="blocks-gallery-item"><figure><img loading="lazy" decoding="async" width="1024" height="683" src="http://daniel-behmenburg.de/wp-content/uploads/2020/10/Villa-Ruhnau-1024x683.jpg" alt="" data-id="1256" data-full-url="http://daniel-behmenburg.de/wp-content/uploads/2020/10/Villa-Ruhnau-scaled.jpg" data-link="http://daniel-behmenburg.de/?attachment_id=1256" class="wp-image-1256" srcset="https://daniel-behmenburg.de/wp-content/uploads/2020/10/Villa-Ruhnau-1024x683.jpg 1024w, https://daniel-behmenburg.de/wp-content/uploads/2020/10/Villa-Ruhnau-300x200.jpg 300w, https://daniel-behmenburg.de/wp-content/uploads/2020/10/Villa-Ruhnau-768x512.jpg 768w, https://daniel-behmenburg.de/wp-content/uploads/2020/10/Villa-Ruhnau-1536x1024.jpg 1536w, https://daniel-behmenburg.de/wp-content/uploads/2020/10/Villa-Ruhnau-2048x1365.jpg 2048w, https://daniel-behmenburg.de/wp-content/uploads/2020/10/Villa-Ruhnau-360x240.jpg 360w" sizes="auto, (max-width: 1024px) 100vw, 1024px" /></figure></li><li class="blocks-gallery-item"><figure><img loading="lazy" decoding="async" width="1024" height="683" src="http://daniel-behmenburg.de/wp-content/uploads/2020/10/Villa-Ruhnau-Tafel-1024x683.jpg" alt="" data-id="1257" data-full-url="http://daniel-behmenburg.de/wp-content/uploads/2020/10/Villa-Ruhnau-Tafel-scaled.jpg" data-link="http://daniel-behmenburg.de/?attachment_id=1257" class="wp-image-1257" srcset="https://daniel-behmenburg.de/wp-content/uploads/2020/10/Villa-Ruhnau-Tafel-1024x683.jpg 1024w, https://daniel-behmenburg.de/wp-content/uploads/2020/10/Villa-Ruhnau-Tafel-300x200.jpg 300w, https://daniel-behmenburg.de/wp-content/uploads/2020/10/Villa-Ruhnau-Tafel-768x512.jpg 768w, https://daniel-behmenburg.de/wp-content/uploads/2020/10/Villa-Ruhnau-Tafel-1536x1024.jpg 1536w, https://daniel-behmenburg.de/wp-content/uploads/2020/10/Villa-Ruhnau-Tafel-2048x1365.jpg 2048w, https://daniel-behmenburg.de/wp-content/uploads/2020/10/Villa-Ruhnau-Tafel-360x240.jpg 360w" sizes="auto, (max-width: 1024px) 100vw, 1024px" /></figure></li></ul></figure>



<p>Egal, ob es in der eigenen Erinnerung nun „Zum Luftigen“, „Kreiskinderkrankenhaus“ oder „Villa Ruhnau“ oder anders heißt: Dieses Gebäude ist immer mehr als nur die Anschrift „Am Bögelsknappen 1“. Und das sollte auch in der Zukunft so bleiben. Am Rande der Kettwiger Altstadt gelegen, ist es für viele aus dem Stadtbild unseres Dorfes nicht mehr wegzudenken.</p>



<p>Die Meldung vom beabsichtigten Abriss durch den Eigentümer hat mich persönlich, die SPD-Fraktion in der Bezirksvertretung IX und die SPD in Kettwig schockiert.</p>



<p>Hier ein paar Links von einer Auswahl unserer Veröffentlichungen zum Thema: </p>



<div class="wp-block-file"><a href="http://daniel-behmenburg.de/wp-content/uploads/2020/10/20201008-Schreiben-Glückauf-Villa-Ruhnau.pdf">Schreiben Glückauf PromA GmbH bzgl. Villa (8. Okrober 2020) Ruhnau</a><a href="http://daniel-behmenburg.de/wp-content/uploads/2020/10/20201008-Schreiben-Glückauf-Villa-Ruhnau.pdf" class="wp-block-file__button" download>Herunterladen</a></div>



<p>SPD-Fraktion fordert Moratorium für das Gelände der Villa Ruhnau (18. Juni 2020) <a href="http://daniel-behmenburg.de/?p=732">http://daniel-behmenburg.de/?p=732</a></p>



<p>Ablehnendes Votum zum Denkmalschutz am Bögelsknappen enttäuscht SPD-Fraktion (13. Mai 2020) <a href="http://daniel-behmenburg.de/?p=636">http://daniel-behmenburg.de/?p=636</a></p>



<p>SPD-Fraktion steht auch weiterhin zum Erhalt der Immobilie am Bögelsknappen 1 in Kettwig (3. Juli 2019)  <a href="http://daniel-behmenburg.de/?p=597">http://daniel-behmenburg.de/?p=597</a></p>



<div class="wp-block-file"><a href="http://daniel-behmenburg.de/wp-content/uploads/2020/10/Broschüre-HVV-Am-Bögelsknappen-1.pdf">Der Heimat- und Verkehrsvereins Kettwig hat eine interessante Bröschüre zu dem Gebäude herausgebracht:<br>Broschüre HVV Am Bögelsknappen 1</a><a href="http://daniel-behmenburg.de/wp-content/uploads/2020/10/Broschüre-HVV-Am-Bögelsknappen-1.pdf" class="wp-block-file__button" download>Herunterladen</a></div>

<p>Das Gebäude &#8222;Am Bögelsknappen 1&#8220; hat der selbständigen Stadt Kettwig wie auch dem Stadtteil der Stadt Essen in verschiedener Funktion gedient. Es war unter anderem Gaststätte, Stadthalle, Kranken- und Ärztehaus, Pflege- und Musikschule und ein Haus der Kunst, Kultur und Architektur. Insbesondere letztere Epoche ist unwiderruflich mit dem weit über [&hellip;]</p>
