{"id":1176,"date":"2020-08-29T13:24:40","date_gmt":"2020-08-29T13:24:40","guid":{"rendered":"http:\/\/daniel-behmenburg.de\/?page_id=1176"},"modified":"2020-08-29T14:54:30","modified_gmt":"2020-08-29T14:54:30","slug":"themenwoche-bezirksvertretung","status":"publish","type":"page","link":"https:\/\/daniel-behmenburg.de\/?page_id=1176","title":{"rendered":"Themenwoche Bezirksvertretung"},"content":{"rendered":"\n<figure class=\"wp-block-image size-large\"><img loading=\"lazy\" decoding=\"async\" width=\"1024\" height=\"726\" src=\"http:\/\/daniel-behmenburg.de\/wp-content\/uploads\/2020\/08\/Postkarte-A6-BV-Kandidaten-1024x726.jpg\" alt=\"\" class=\"wp-image-1134\" srcset=\"https:\/\/daniel-behmenburg.de\/wp-content\/uploads\/2020\/08\/Postkarte-A6-BV-Kandidaten-1024x726.jpg 1024w, https:\/\/daniel-behmenburg.de\/wp-content\/uploads\/2020\/08\/Postkarte-A6-BV-Kandidaten-300x213.jpg 300w, https:\/\/daniel-behmenburg.de\/wp-content\/uploads\/2020\/08\/Postkarte-A6-BV-Kandidaten-768x545.jpg 768w, https:\/\/daniel-behmenburg.de\/wp-content\/uploads\/2020\/08\/Postkarte-A6-BV-Kandidaten-1536x1090.jpg 1536w, https:\/\/daniel-behmenburg.de\/wp-content\/uploads\/2020\/08\/Postkarte-A6-BV-Kandidaten.jpg 1748w\" sizes=\"auto, (max-width: 1024px) 100vw, 1024px\" \/><\/figure>\n\n\n\n<figure class=\"wp-block-image size-large\"><img loading=\"lazy\" decoding=\"async\" width=\"1024\" height=\"726\" src=\"http:\/\/daniel-behmenburg.de\/wp-content\/uploads\/2020\/08\/Postkarte-A6-BV-Kandidaten2-1024x726.jpg\" alt=\"\" class=\"wp-image-1177\" srcset=\"https:\/\/daniel-behmenburg.de\/wp-content\/uploads\/2020\/08\/Postkarte-A6-BV-Kandidaten2-1024x726.jpg 1024w, https:\/\/daniel-behmenburg.de\/wp-content\/uploads\/2020\/08\/Postkarte-A6-BV-Kandidaten2-300x213.jpg 300w, https:\/\/daniel-behmenburg.de\/wp-content\/uploads\/2020\/08\/Postkarte-A6-BV-Kandidaten2-768x545.jpg 768w, https:\/\/daniel-behmenburg.de\/wp-content\/uploads\/2020\/08\/Postkarte-A6-BV-Kandidaten2-1536x1090.jpg 1536w, https:\/\/daniel-behmenburg.de\/wp-content\/uploads\/2020\/08\/Postkarte-A6-BV-Kandidaten2.jpg 1748w\" sizes=\"auto, (max-width: 1024px) 100vw, 1024px\" \/><\/figure>\n\n\n\n<p>Liebe Kettwigerinnen und Kettwiger,<\/p>\n\n\n\n<p>bei der Kommunalwahl 2020 w\u00e4hlen Sie auch wieder das Stadtteilparlament f\u00fcr unsere Quartiere: Die Bezirksvertretung IX. Der s\u00fcdlichste Stadtbezirk \u00fcberzeugt mit seinem l\u00e4ndlichen Charme, gewachsenen Stadtteilstrukturen und engagierten Menschen, die hier leben. Daran m\u00f6chten wir auch unsere Schwerpunkte ausrichten.<\/p>\n\n\n\n<p>Wir m\u00f6chten uns in der Bezirksvertretung f\u00fcr ein Kettwig einsetzten, in dem die Menschen sich wohl f\u00fchlen und gegenseitig unterst\u00fctzen. Wo junge Familien zuhause sind und die Generationen im guten Miteinander leben. Unsere Freifl\u00e4chen und unsere historischen Geb\u00e4ude und Stra\u00dfen verdienen dabei besonderen Schutz. Wohnraum muss bezahlbar sein, das muss bei jeder Planung im Vordergrund stehen. Moderne Verkehrskonzepte f\u00fcr eine Mobilit\u00e4t f\u00fcr alle m\u00f6chten wir in den n\u00e4chsten Jahren mit Ihnen entwickeln und vorantreiben.<\/p>\n\n\n\n<p>Gerade die Vereine in unserem Dorf k\u00f6nnen durch die Bezirksvertretung schnell und problemlos unterst\u00fctzt werden. Denn sie sind es, die unser Stadtteilleben so vielf\u00e4ltig bereichern. Neben der Wertsch\u00e4tzung wollen wir diese auch weiterhin handfest f\u00f6rdern.<\/p>\n\n\n\n<p>F\u00fcr die SPD in Kettwig gr\u00fc\u00dft das Team f\u00fcr die Bezirksvertretung zur Kommunalwahl 2020<\/p>\n\n\n\n<p>Daniel Behmenburg, Heike Lohmann, Susanne Gilbert, Martin Kryl,<br>Danielle Sch\u00e4fer &amp; Jan Robert Belouschek<\/p>\n\n\n\n<p><em>Pressemitteilung zur Themenwoche <a href=\"http:\/\/daniel-behmenburg.de\/?p=1173\">http:\/\/daniel-behmenburg.de\/?p=1173<\/a><\/em><\/p>\n","protected":false},"excerpt":{"rendered":"<p>Liebe Kettwigerinnen und Kettwiger, bei der Kommunalwahl 2020 w\u00e4hlen Sie auch wieder das Stadtteilparlament f\u00fcr unsere Quartiere: Die Bezirksvertretung IX. Der s\u00fcdlichste Stadtbezirk \u00fcberzeugt mit seinem l\u00e4ndlichen Charme, gewachsenen Stadtteilstrukturen und engagierten Menschen, die hier leben. Daran m\u00f6chten wir auch unsere Schwerpunkte ausrichten. Wir m\u00f6chten uns in der Bezirksvertretung f\u00fcr [&hellip;]<\/p>\n","protected":false},"author":1,"featured_media":0,"parent":0,"menu_order":0,"comment_status":"closed","ping_status":"closed","template":"","meta":{"footnotes":""},"class_list":["post-1176","page","type-page","status-publish","hentry"],"_links":{"self":[{"href":"https:\/\/daniel-behmenburg.de\/index.php?rest_route=\/wp\/v2\/pages\/1176","targetHints":{"allow":["GET"]}}],"collection":[{"href":"https:\/\/daniel-behmenburg.de\/index.php?rest_route=\/wp\/v2\/pages"}],"about":[{"href":"https:\/\/daniel-behmenburg.de\/index.php?rest_route=\/wp\/v2\/types\/page"}],"author":[{"embeddable":true,"href":"https:\/\/daniel-behmenburg.de\/index.php?rest_route=\/wp\/v2\/users\/1"}],"replies":[{"embeddable":true,"href":"https:\/\/daniel-behmenburg.de\/index.php?rest_route=%2Fwp%2Fv2%2Fcomments&post=1176"}],"version-history":[{"count":3,"href":"https:\/\/daniel-behmenburg.de\/index.php?rest_route=\/wp\/v2\/pages\/1176\/revisions"}],"predecessor-version":[{"id":1183,"href":"https:\/\/daniel-behmenburg.de\/index.php?rest_route=\/wp\/v2\/pages\/1176\/revisions\/1183"}],"wp:attachment":[{"href":"https:\/\/daniel-behmenburg.de\/index.php?rest_route=%2Fwp%2Fv2%2Fmedia&parent=1176"}],"curies":[{"name":"wp","href":"https:\/\/api.w.org\/{rel}","templated":true}]}}

<figure class="wp-block-image size-large"><img loading="lazy" decoding="async" width="1024" height="726" src="http://daniel-behmenburg.de/wp-content/uploads/2020/08/Postkarte-A6-BV-Kandidaten-1024x726.jpg" alt="" class="wp-image-1134" srcset="https://daniel-behmenburg.de/wp-content/uploads/2020/08/Postkarte-A6-BV-Kandidaten-1024x726.jpg 1024w, https://daniel-behmenburg.de/wp-content/uploads/2020/08/Postkarte-A6-BV-Kandidaten-300x213.jpg 300w, https://daniel-behmenburg.de/wp-content/uploads/2020/08/Postkarte-A6-BV-Kandidaten-768x545.jpg 768w, https://daniel-behmenburg.de/wp-content/uploads/2020/08/Postkarte-A6-BV-Kandidaten-1536x1090.jpg 1536w, https://daniel-behmenburg.de/wp-content/uploads/2020/08/Postkarte-A6-BV-Kandidaten.jpg 1748w" sizes="auto, (max-width: 1024px) 100vw, 1024px" /></figure>



<figure class="wp-block-image size-large"><img loading="lazy" decoding="async" width="1024" height="726" src="http://daniel-behmenburg.de/wp-content/uploads/2020/08/Postkarte-A6-BV-Kandidaten2-1024x726.jpg" alt="" class="wp-image-1177" srcset="https://daniel-behmenburg.de/wp-content/uploads/2020/08/Postkarte-A6-BV-Kandidaten2-1024x726.jpg 1024w, https://daniel-behmenburg.de/wp-content/uploads/2020/08/Postkarte-A6-BV-Kandidaten2-300x213.jpg 300w, https://daniel-behmenburg.de/wp-content/uploads/2020/08/Postkarte-A6-BV-Kandidaten2-768x545.jpg 768w, https://daniel-behmenburg.de/wp-content/uploads/2020/08/Postkarte-A6-BV-Kandidaten2-1536x1090.jpg 1536w, https://daniel-behmenburg.de/wp-content/uploads/2020/08/Postkarte-A6-BV-Kandidaten2.jpg 1748w" sizes="auto, (max-width: 1024px) 100vw, 1024px" /></figure>



<p>Liebe Kettwigerinnen und Kettwiger,</p>



<p>bei der Kommunalwahl 2020 wählen Sie auch wieder das Stadtteilparlament für unsere Quartiere: Die Bezirksvertretung IX. Der südlichste Stadtbezirk überzeugt mit seinem ländlichen Charme, gewachsenen Stadtteilstrukturen und engagierten Menschen, die hier leben. Daran möchten wir auch unsere Schwerpunkte ausrichten.</p>



<p>Wir möchten uns in der Bezirksvertretung für ein Kettwig einsetzten, in dem die Menschen sich wohl fühlen und gegenseitig unterstützen. Wo junge Familien zuhause sind und die Generationen im guten Miteinander leben. Unsere Freiflächen und unsere historischen Gebäude und Straßen verdienen dabei besonderen Schutz. Wohnraum muss bezahlbar sein, das muss bei jeder Planung im Vordergrund stehen. Moderne Verkehrskonzepte für eine Mobilität für alle möchten wir in den nächsten Jahren mit Ihnen entwickeln und vorantreiben.</p>



<p>Gerade die Vereine in unserem Dorf können durch die Bezirksvertretung schnell und problemlos unterstützt werden. Denn sie sind es, die unser Stadtteilleben so vielfältig bereichern. Neben der Wertschätzung wollen wir diese auch weiterhin handfest fördern.</p>



<p>Für die SPD in Kettwig grüßt das Team für die Bezirksvertretung zur Kommunalwahl 2020</p>



<p>Daniel Behmenburg, Heike Lohmann, Susanne Gilbert, Martin Kryl,<br>Danielle Schäfer &amp; Jan Robert Belouschek</p>



<p><em>Pressemitteilung zur Themenwoche <a href="http://daniel-behmenburg.de/?p=1173">http://daniel-behmenburg.de/?p=1173</a></em></p>

<p>Liebe Kettwigerinnen und Kettwiger, bei der Kommunalwahl 2020 wählen Sie auch wieder das Stadtteilparlament für unsere Quartiere: Die Bezirksvertretung IX. Der südlichste Stadtbezirk überzeugt mit seinem ländlichen Charme, gewachsenen Stadtteilstrukturen und engagierten Menschen, die hier leben. Daran möchten wir auch unsere Schwerpunkte ausrichten. Wir möchten uns in der Bezirksvertretung für [&hellip;]</p>
