{"id":1157,"date":"2020-08-19T14:47:26","date_gmt":"2020-08-19T14:47:26","guid":{"rendered":"http:\/\/daniel-behmenburg.de\/?page_id=1157"},"modified":"2020-08-31T14:40:20","modified_gmt":"2020-08-31T14:40:20","slug":"erster-jetzt-briefwahl-beantragen","status":"publish","type":"page","link":"https:\/\/daniel-behmenburg.de\/?page_id=1157","title":{"rendered":"Erster! Jetzt Briefwahl beantragen."},"content":{"rendered":"\n<figure class=\"wp-block-image size-large\"><img loading=\"lazy\" decoding=\"async\" width=\"2560\" height=\"2560\" src=\"http:\/\/daniel-behmenburg.de\/wp-content\/uploads\/2020\/08\/Sharepic-UB-Essen-Briefahl-beantragen-scaled.jpg\" alt=\"\" class=\"wp-image-1192\" srcset=\"https:\/\/daniel-behmenburg.de\/wp-content\/uploads\/2020\/08\/Sharepic-UB-Essen-Briefahl-beantragen-scaled.jpg 2560w, https:\/\/daniel-behmenburg.de\/wp-content\/uploads\/2020\/08\/Sharepic-UB-Essen-Briefahl-beantragen-300x300.jpg 300w, https:\/\/daniel-behmenburg.de\/wp-content\/uploads\/2020\/08\/Sharepic-UB-Essen-Briefahl-beantragen-768x768.jpg 768w, https:\/\/daniel-behmenburg.de\/wp-content\/uploads\/2020\/08\/Sharepic-UB-Essen-Briefahl-beantragen-2048x2048.jpg 2048w\" sizes=\"auto, (max-width: 2560px) 100vw, 2560px\" \/><\/figure>\n\n\n\n<p>Sie sind am Wahltag verhindert oder f\u00fchlen sich aufgrund der Coronapandemie unsicher im Wahllokal? Kein Problem! Sie haben auch anderen M\u00f6glichkeiten, Ihre Stimme abzugeben:<\/p>\n\n\n\n<p><strong>Briefwahl<br><\/strong>Geben Sie Ihre Stimme bequem von zuhause aus ab. Entweder \u00fcber dieses <a href=\"https:\/\/ewo-online.essen.de\/e01_briefwahlantrag\/?kunde=05113000&amp;wahltag=2020-09-13&amp;wahlnr=5\" target=\"_blank\" rel=\"noreferrer noopener\">Onlineformular<\/a>, per Post mit diesem <a href=\"https:\/\/media.essen.de\/media\/wwwessende\/aemter\/12\/wahlen_1\/kommunalwahlen\/Briefwahlantrag_KW_2020.pdf\" target=\"_blank\" rel=\"noreferrer noopener\">Vordruck<\/a> zur Briefwahl oder mit dem Formular auf Ihrer Wahlbenachrichtigung.<\/p>\n\n\n\n<p><strong>Direktwahl im Vorfeld des Wahltages<\/strong><br>Diese findet vom 24. August bis zum 11. September 2020 im Rathaus am Porscheplatz im Erdgeschoss, Raum 0.37 statt. Das Mitbringen der Wahlbenachrichtigung ist nicht erforderlich, in diesem Fall wird aber der Personalausweis oder Pass ben\u00f6tigt.<\/p>\n","protected":false},"excerpt":{"rendered":"<p>Sie sind am Wahltag verhindert oder f\u00fchlen sich aufgrund der Coronapandemie unsicher im Wahllokal? Kein Problem! Sie haben auch anderen M\u00f6glichkeiten, Ihre Stimme abzugeben: BriefwahlGeben Sie Ihre Stimme bequem von zuhause aus ab. Entweder \u00fcber dieses Onlineformular, per Post mit diesem Vordruck zur Briefwahl oder mit dem Formular auf Ihrer [&hellip;]<\/p>\n","protected":false},"author":1,"featured_media":0,"parent":0,"menu_order":0,"comment_status":"closed","ping_status":"closed","template":"","meta":{"footnotes":""},"class_list":["post-1157","page","type-page","status-publish","hentry"],"_links":{"self":[{"href":"https:\/\/daniel-behmenburg.de\/index.php?rest_route=\/wp\/v2\/pages\/1157","targetHints":{"allow":["GET"]}}],"collection":[{"href":"https:\/\/daniel-behmenburg.de\/index.php?rest_route=\/wp\/v2\/pages"}],"about":[{"href":"https:\/\/daniel-behmenburg.de\/index.php?rest_route=\/wp\/v2\/types\/page"}],"author":[{"embeddable":true,"href":"https:\/\/daniel-behmenburg.de\/index.php?rest_route=\/wp\/v2\/users\/1"}],"replies":[{"embeddable":true,"href":"https:\/\/daniel-behmenburg.de\/index.php?rest_route=%2Fwp%2Fv2%2Fcomments&post=1157"}],"version-history":[{"count":4,"href":"https:\/\/daniel-behmenburg.de\/index.php?rest_route=\/wp\/v2\/pages\/1157\/revisions"}],"predecessor-version":[{"id":1193,"href":"https:\/\/daniel-behmenburg.de\/index.php?rest_route=\/wp\/v2\/pages\/1157\/revisions\/1193"}],"wp:attachment":[{"href":"https:\/\/daniel-behmenburg.de\/index.php?rest_route=%2Fwp%2Fv2%2Fmedia&parent=1157"}],"curies":[{"name":"wp","href":"https:\/\/api.w.org\/{rel}","templated":true}]}}

<figure class="wp-block-image size-large"><img loading="lazy" decoding="async" width="2560" height="2560" src="http://daniel-behmenburg.de/wp-content/uploads/2020/08/Sharepic-UB-Essen-Briefahl-beantragen-scaled.jpg" alt="" class="wp-image-1192" srcset="https://daniel-behmenburg.de/wp-content/uploads/2020/08/Sharepic-UB-Essen-Briefahl-beantragen-scaled.jpg 2560w, https://daniel-behmenburg.de/wp-content/uploads/2020/08/Sharepic-UB-Essen-Briefahl-beantragen-300x300.jpg 300w, https://daniel-behmenburg.de/wp-content/uploads/2020/08/Sharepic-UB-Essen-Briefahl-beantragen-768x768.jpg 768w, https://daniel-behmenburg.de/wp-content/uploads/2020/08/Sharepic-UB-Essen-Briefahl-beantragen-2048x2048.jpg 2048w" sizes="auto, (max-width: 2560px) 100vw, 2560px" /></figure>



<p>Sie sind am Wahltag verhindert oder fühlen sich aufgrund der Coronapandemie unsicher im Wahllokal? Kein Problem! Sie haben auch anderen Möglichkeiten, Ihre Stimme abzugeben:</p>



<p><strong>Briefwahl<br></strong>Geben Sie Ihre Stimme bequem von zuhause aus ab. Entweder über dieses <a href="https://ewo-online.essen.de/e01_briefwahlantrag/?kunde=05113000&amp;wahltag=2020-09-13&amp;wahlnr=5" target="_blank" rel="noreferrer noopener">Onlineformular</a>, per Post mit diesem <a href="https://media.essen.de/media/wwwessende/aemter/12/wahlen_1/kommunalwahlen/Briefwahlantrag_KW_2020.pdf" target="_blank" rel="noreferrer noopener">Vordruck</a> zur Briefwahl oder mit dem Formular auf Ihrer Wahlbenachrichtigung.</p>



<p><strong>Direktwahl im Vorfeld des Wahltages</strong><br>Diese findet vom 24. August bis zum 11. September 2020 im Rathaus am Porscheplatz im Erdgeschoss, Raum 0.37 statt. Das Mitbringen der Wahlbenachrichtigung ist nicht erforderlich, in diesem Fall wird aber der Personalausweis oder Pass benötigt.</p>

<p>Sie sind am Wahltag verhindert oder fühlen sich aufgrund der Coronapandemie unsicher im Wahllokal? Kein Problem! Sie haben auch anderen Möglichkeiten, Ihre Stimme abzugeben: BriefwahlGeben Sie Ihre Stimme bequem von zuhause aus ab. Entweder über dieses Onlineformular, per Post mit diesem Vordruck zur Briefwahl oder mit dem Formular auf Ihrer [&hellip;]</p>
