{"id":1153,"date":"2020-08-22T12:01:44","date_gmt":"2020-08-22T12:01:44","guid":{"rendered":"http:\/\/daniel-behmenburg.de\/?page_id=1153"},"modified":"2020-08-29T14:56:00","modified_gmt":"2020-08-29T14:56:00","slug":"themenwoche-stadtteilleben","status":"publish","type":"page","link":"https:\/\/daniel-behmenburg.de\/?page_id=1153","title":{"rendered":"Themenwoche Stadtteilleben"},"content":{"rendered":"\n<figure class=\"wp-block-image size-large\"><img loading=\"lazy\" decoding=\"async\" width=\"1024\" height=\"726\" src=\"http:\/\/daniel-behmenburg.de\/wp-content\/uploads\/2020\/08\/Postkarte-A6-Woche-4-Stadtteilleben-Daniel-1024x726.jpg\" alt=\"\" class=\"wp-image-1154\" srcset=\"https:\/\/daniel-behmenburg.de\/wp-content\/uploads\/2020\/08\/Postkarte-A6-Woche-4-Stadtteilleben-Daniel-1024x726.jpg 1024w, https:\/\/daniel-behmenburg.de\/wp-content\/uploads\/2020\/08\/Postkarte-A6-Woche-4-Stadtteilleben-Daniel-300x213.jpg 300w, https:\/\/daniel-behmenburg.de\/wp-content\/uploads\/2020\/08\/Postkarte-A6-Woche-4-Stadtteilleben-Daniel-768x545.jpg 768w, https:\/\/daniel-behmenburg.de\/wp-content\/uploads\/2020\/08\/Postkarte-A6-Woche-4-Stadtteilleben-Daniel-1536x1090.jpg 1536w, https:\/\/daniel-behmenburg.de\/wp-content\/uploads\/2020\/08\/Postkarte-A6-Woche-4-Stadtteilleben-Daniel.jpg 1748w\" sizes=\"auto, (max-width: 1024px) 100vw, 1024px\" \/><\/figure>\n\n\n\n<figure class=\"wp-block-image size-large\"><img loading=\"lazy\" decoding=\"async\" width=\"1024\" height=\"726\" src=\"http:\/\/daniel-behmenburg.de\/wp-content\/uploads\/2020\/08\/Postkarte-A6-Woche-4-Stadtteilleben-Daniel2-1024x726.jpg\" alt=\"\" class=\"wp-image-1155\" srcset=\"https:\/\/daniel-behmenburg.de\/wp-content\/uploads\/2020\/08\/Postkarte-A6-Woche-4-Stadtteilleben-Daniel2-1024x726.jpg 1024w, https:\/\/daniel-behmenburg.de\/wp-content\/uploads\/2020\/08\/Postkarte-A6-Woche-4-Stadtteilleben-Daniel2-300x213.jpg 300w, https:\/\/daniel-behmenburg.de\/wp-content\/uploads\/2020\/08\/Postkarte-A6-Woche-4-Stadtteilleben-Daniel2-768x545.jpg 768w, https:\/\/daniel-behmenburg.de\/wp-content\/uploads\/2020\/08\/Postkarte-A6-Woche-4-Stadtteilleben-Daniel2-1536x1090.jpg 1536w, https:\/\/daniel-behmenburg.de\/wp-content\/uploads\/2020\/08\/Postkarte-A6-Woche-4-Stadtteilleben-Daniel2.jpg 1748w\" sizes=\"auto, (max-width: 1024px) 100vw, 1024px\" \/><\/figure>\n\n\n\n<p>Liebe Kettwigerinnen und Kettwiger,<\/p>\n\n\n\n<p>unser buntes Stadteilleben bereichert den Alltag in unserem Dorf. Und auch hier sind es wieder viele kleine R\u00e4dchen, viele fleissige H\u00e4nde, die gemeinsam ein tolles und gro\u00dfes Ganzes entstehen lassen.<\/p>\n\n\n\n<p>Zuvorderst sind hier die Vereine zu nennen, die sich in ungez\u00e4hlten ehrenamtlichen Stunden f\u00fcr das Gemeinwohl einsetzen. Jedem einzelnen, jeder einzelnen Aktiven geb\u00fchrt unser besonderer Dank hierf\u00fcr. Stadtfeste schaffen Geselligkeit und verbinden die Menschen, die hier leben. Kneipen, Cafes und Restaurants laden zum Verweilen ein und machen Ketttwig auch in den Abendstunden interessant. Die Einzelh\u00e4ndler runden durch ihr mannigfaltiges Sortiment das Angebot hier vor Ort ab und locken G\u00e4ste von nah und fern in unser Dorf.<\/p>\n\n\n\n<p>In der aktuellen Situation steht vieles von dem auf dem Spiel. Wir m\u00fcssen gemeinsam daf\u00fcr sorgen, dass diese ganzen Angebote die Krise dauerhaft \u00fcberstehen. Und hier gilt deutlich: Helfen hei\u00dft hingehen und unterst\u00fctzen! Und Verwaltung und Politk m\u00fcssen jetzt und \u00fcber die Krise hinaus daf\u00fcr sorgen, dass nicht unn\u00f6tige B\u00fcrokratie eine gro\u00dfe H\u00fcrde ist. Vereinen muss die Stadt danken und nicht durch Geb\u00fchren auch noch zur Kasse bitten.<\/p>\n\n\n\n<p>F\u00fcr die SPD in Kettwig gr\u00fc\u00dfen ganz herzlich<\/p>\n\n\n\n<p>Daniel Behmenburg &amp; Oliver Kern<\/p>\n\n\n\n<p><em>Pressemitteilung zur Themenwoche Stadtteilleben <a href=\"http:\/\/daniel-behmenburg.de\/?p=1171\">http:\/\/daniel-behmenburg.de\/?p=1171<\/a><\/em><\/p>\n","protected":false},"excerpt":{"rendered":"<p>Liebe Kettwigerinnen und Kettwiger, unser buntes Stadteilleben bereichert den Alltag in unserem Dorf. Und auch hier sind es wieder viele kleine R\u00e4dchen, viele fleissige H\u00e4nde, die gemeinsam ein tolles und gro\u00dfes Ganzes entstehen lassen. Zuvorderst sind hier die Vereine zu nennen, die sich in ungez\u00e4hlten ehrenamtlichen Stunden f\u00fcr das Gemeinwohl [&hellip;]<\/p>\n","protected":false},"author":1,"featured_media":0,"parent":0,"menu_order":0,"comment_status":"closed","ping_status":"closed","template":"","meta":{"footnotes":""},"class_list":["post-1153","page","type-page","status-publish","hentry"],"_links":{"self":[{"href":"https:\/\/daniel-behmenburg.de\/index.php?rest_route=\/wp\/v2\/pages\/1153","targetHints":{"allow":["GET"]}}],"collection":[{"href":"https:\/\/daniel-behmenburg.de\/index.php?rest_route=\/wp\/v2\/pages"}],"about":[{"href":"https:\/\/daniel-behmenburg.de\/index.php?rest_route=\/wp\/v2\/types\/page"}],"author":[{"embeddable":true,"href":"https:\/\/daniel-behmenburg.de\/index.php?rest_route=\/wp\/v2\/users\/1"}],"replies":[{"embeddable":true,"href":"https:\/\/daniel-behmenburg.de\/index.php?rest_route=%2Fwp%2Fv2%2Fcomments&post=1153"}],"version-history":[{"count":3,"href":"https:\/\/daniel-behmenburg.de\/index.php?rest_route=\/wp\/v2\/pages\/1153\/revisions"}],"predecessor-version":[{"id":1185,"href":"https:\/\/daniel-behmenburg.de\/index.php?rest_route=\/wp\/v2\/pages\/1153\/revisions\/1185"}],"wp:attachment":[{"href":"https:\/\/daniel-behmenburg.de\/index.php?rest_route=%2Fwp%2Fv2%2Fmedia&parent=1153"}],"curies":[{"name":"wp","href":"https:\/\/api.w.org\/{rel}","templated":true}]}}

<figure class="wp-block-image size-large"><img loading="lazy" decoding="async" width="1024" height="726" src="http://daniel-behmenburg.de/wp-content/uploads/2020/08/Postkarte-A6-Woche-4-Stadtteilleben-Daniel-1024x726.jpg" alt="" class="wp-image-1154" srcset="https://daniel-behmenburg.de/wp-content/uploads/2020/08/Postkarte-A6-Woche-4-Stadtteilleben-Daniel-1024x726.jpg 1024w, https://daniel-behmenburg.de/wp-content/uploads/2020/08/Postkarte-A6-Woche-4-Stadtteilleben-Daniel-300x213.jpg 300w, https://daniel-behmenburg.de/wp-content/uploads/2020/08/Postkarte-A6-Woche-4-Stadtteilleben-Daniel-768x545.jpg 768w, https://daniel-behmenburg.de/wp-content/uploads/2020/08/Postkarte-A6-Woche-4-Stadtteilleben-Daniel-1536x1090.jpg 1536w, https://daniel-behmenburg.de/wp-content/uploads/2020/08/Postkarte-A6-Woche-4-Stadtteilleben-Daniel.jpg 1748w" sizes="auto, (max-width: 1024px) 100vw, 1024px" /></figure>



<figure class="wp-block-image size-large"><img loading="lazy" decoding="async" width="1024" height="726" src="http://daniel-behmenburg.de/wp-content/uploads/2020/08/Postkarte-A6-Woche-4-Stadtteilleben-Daniel2-1024x726.jpg" alt="" class="wp-image-1155" srcset="https://daniel-behmenburg.de/wp-content/uploads/2020/08/Postkarte-A6-Woche-4-Stadtteilleben-Daniel2-1024x726.jpg 1024w, https://daniel-behmenburg.de/wp-content/uploads/2020/08/Postkarte-A6-Woche-4-Stadtteilleben-Daniel2-300x213.jpg 300w, https://daniel-behmenburg.de/wp-content/uploads/2020/08/Postkarte-A6-Woche-4-Stadtteilleben-Daniel2-768x545.jpg 768w, https://daniel-behmenburg.de/wp-content/uploads/2020/08/Postkarte-A6-Woche-4-Stadtteilleben-Daniel2-1536x1090.jpg 1536w, https://daniel-behmenburg.de/wp-content/uploads/2020/08/Postkarte-A6-Woche-4-Stadtteilleben-Daniel2.jpg 1748w" sizes="auto, (max-width: 1024px) 100vw, 1024px" /></figure>



<p>Liebe Kettwigerinnen und Kettwiger,</p>



<p>unser buntes Stadteilleben bereichert den Alltag in unserem Dorf. Und auch hier sind es wieder viele kleine Rädchen, viele fleissige Hände, die gemeinsam ein tolles und großes Ganzes entstehen lassen.</p>



<p>Zuvorderst sind hier die Vereine zu nennen, die sich in ungezählten ehrenamtlichen Stunden für das Gemeinwohl einsetzen. Jedem einzelnen, jeder einzelnen Aktiven gebührt unser besonderer Dank hierfür. Stadtfeste schaffen Geselligkeit und verbinden die Menschen, die hier leben. Kneipen, Cafes und Restaurants laden zum Verweilen ein und machen Ketttwig auch in den Abendstunden interessant. Die Einzelhändler runden durch ihr mannigfaltiges Sortiment das Angebot hier vor Ort ab und locken Gäste von nah und fern in unser Dorf.</p>



<p>In der aktuellen Situation steht vieles von dem auf dem Spiel. Wir müssen gemeinsam dafür sorgen, dass diese ganzen Angebote die Krise dauerhaft überstehen. Und hier gilt deutlich: Helfen heißt hingehen und unterstützen! Und Verwaltung und Politk müssen jetzt und über die Krise hinaus dafür sorgen, dass nicht unnötige Bürokratie eine große Hürde ist. Vereinen muss die Stadt danken und nicht durch Gebühren auch noch zur Kasse bitten.</p>



<p>Für die SPD in Kettwig grüßen ganz herzlich</p>



<p>Daniel Behmenburg &amp; Oliver Kern</p>



<p><em>Pressemitteilung zur Themenwoche Stadtteilleben <a href="http://daniel-behmenburg.de/?p=1171">http://daniel-behmenburg.de/?p=1171</a></em></p>

<p>Liebe Kettwigerinnen und Kettwiger, unser buntes Stadteilleben bereichert den Alltag in unserem Dorf. Und auch hier sind es wieder viele kleine Rädchen, viele fleissige Hände, die gemeinsam ein tolles und großes Ganzes entstehen lassen. Zuvorderst sind hier die Vereine zu nennen, die sich in ungezählten ehrenamtlichen Stunden für das Gemeinwohl [&hellip;]</p>
