{"id":1120,"date":"2020-08-03T14:22:19","date_gmt":"2020-08-03T14:22:19","guid":{"rendered":"http:\/\/daniel-behmenburg.de\/?page_id=1120"},"modified":"2020-08-30T08:23:28","modified_gmt":"2020-08-30T08:23:28","slug":"kommunalwahlprogramm-ein-essener-jahrzehnt-der-erneuerung","status":"publish","type":"page","link":"https:\/\/daniel-behmenburg.de\/?page_id=1120","title":{"rendered":"Kommunalwahlprogramm &#8211; Ein Essener Jahrzehnt der Erneuerung"},"content":{"rendered":"\n<figure class=\"wp-block-image size-large\"><img loading=\"lazy\" decoding=\"async\" width=\"1024\" height=\"723\" src=\"http:\/\/daniel-behmenburg.de\/wp-content\/uploads\/2020\/08\/Flyer_Sofortprogramm-001-1024x723.jpg\" alt=\"\" class=\"wp-image-1189\" srcset=\"https:\/\/daniel-behmenburg.de\/wp-content\/uploads\/2020\/08\/Flyer_Sofortprogramm-001-1024x723.jpg 1024w, https:\/\/daniel-behmenburg.de\/wp-content\/uploads\/2020\/08\/Flyer_Sofortprogramm-001-300x212.jpg 300w, https:\/\/daniel-behmenburg.de\/wp-content\/uploads\/2020\/08\/Flyer_Sofortprogramm-001-768x543.jpg 768w, https:\/\/daniel-behmenburg.de\/wp-content\/uploads\/2020\/08\/Flyer_Sofortprogramm-001-1536x1085.jpg 1536w, https:\/\/daniel-behmenburg.de\/wp-content\/uploads\/2020\/08\/Flyer_Sofortprogramm-001.jpg 1754w\" sizes=\"auto, (max-width: 1024px) 100vw, 1024px\" \/><\/figure>\n\n\n\n<figure class=\"wp-block-image size-large\"><img loading=\"lazy\" decoding=\"async\" width=\"1024\" height=\"723\" src=\"http:\/\/daniel-behmenburg.de\/wp-content\/uploads\/2020\/08\/Flyer_Sofortprogramm-002-1024x723.jpg\" alt=\"\" class=\"wp-image-1190\" srcset=\"https:\/\/daniel-behmenburg.de\/wp-content\/uploads\/2020\/08\/Flyer_Sofortprogramm-002-1024x723.jpg 1024w, https:\/\/daniel-behmenburg.de\/wp-content\/uploads\/2020\/08\/Flyer_Sofortprogramm-002-300x212.jpg 300w, https:\/\/daniel-behmenburg.de\/wp-content\/uploads\/2020\/08\/Flyer_Sofortprogramm-002-768x543.jpg 768w, https:\/\/daniel-behmenburg.de\/wp-content\/uploads\/2020\/08\/Flyer_Sofortprogramm-002-1536x1085.jpg 1536w, https:\/\/daniel-behmenburg.de\/wp-content\/uploads\/2020\/08\/Flyer_Sofortprogramm-002.jpg 1754w\" sizes=\"auto, (max-width: 1024px) 100vw, 1024px\" \/><\/figure>\n\n\n\n<p>Essen ist eine gro\u00dfartige, bunte und vielf\u00e4ltige Stadt \u2013 voller Potenzial, Kreativit\u00e4t, Engagement und vor allem liebenswerter Menschen. Als Kulturhauptstadt Europas 2010 oder auch Gr\u00fcne Hauptstadt Europas 2017 haben wir uns beweisen k\u00f6nnen. Wir haben jeden Grund, stolz auf unsere Stadt zu sein. Aber Essen steht vor gro\u00dfen Herausforderungen. Die sozialen Schieflagen haben zugenommen, Bildungs- und Zukunftschancen h\u00e4ngen trotz aller Anstrengungen noch immer von der Postleitzahl ab. In Teilen unserer Stadt f\u00fchlen sich Menschen zunehmend unwohl und von positiven Entwicklungen abgekoppelt. Wir wollen jedoch, dass unsere Stadt zusammenbleibt \u2013 denn es geht nur gemeinsam. F\u00fcr uns sind gegenseitiger Respekt und zupackende Solidarit\u00e4t die Grundlagen unseres Zusammenlebens. <\/p>\n\n\n\n<p>Darum werden wir ein Jahrzehnt der Erneuerung einl\u00e4uten. F\u00fcr beste Bildung und gerechte Chancen. F\u00fcr faire Verteilung von Lasten und Ressourcen. F\u00fcr eine gleichwertige medizinische Infrastruktur in ganz Essen. F\u00fcr bezahlbaren, zukunftssicheren und barrierefreien Wohnraum. F\u00fcr eine demokratische Kultur, gegen Rechtsextremismus. F\u00fcr respektvollen Umgang und ein gutes Zusammenleben. F\u00fcr sp\u00fcrbare Sicherheit und Sauberkeit im Quartier durch eine Kultur des Hinsehens. F\u00fcr eine Verkehrswende, die den Namen auch verdient. Und nicht zuletzt f\u00fcr eine Stadt, die den Kampf gegen den Klimawandel sozial gerecht gestaltet. Viele Menschen in Essen leben es vor: Mit gro\u00dfem Einsatz und unglaublichem Engagement machen sie unsere Stadt jeden Tag ein bisschen besser. Ihnen geb\u00fchrt die gr\u00f6\u00dftm\u00f6gliche Unterst\u00fctzung.<\/p>\n\n\n\n<div class=\"wp-block-file\"><a href=\"http:\/\/daniel-behmenburg.de\/wp-content\/uploads\/2020\/08\/Kommunalwahlprogramm-2020.pdf\">Kommunalwahlprogramm 2020<\/a><a href=\"http:\/\/daniel-behmenburg.de\/wp-content\/uploads\/2020\/08\/Kommunalwahlprogramm-2020.pdf\" class=\"wp-block-file__button\" download>Herunterladen<\/a><\/div>\n","protected":false},"excerpt":{"rendered":"<p>Essen ist eine gro\u00dfartige, bunte und vielf\u00e4ltige Stadt \u2013 voller Potenzial, Kreativit\u00e4t, Engagement und vor allem liebenswerter Menschen. Als Kulturhauptstadt Europas 2010 oder auch Gr\u00fcne Hauptstadt Europas 2017 haben wir uns beweisen k\u00f6nnen. Wir haben jeden Grund, stolz auf unsere Stadt zu sein. Aber Essen steht vor gro\u00dfen Herausforderungen. Die [&hellip;]<\/p>\n","protected":false},"author":1,"featured_media":0,"parent":0,"menu_order":0,"comment_status":"closed","ping_status":"closed","template":"","meta":{"footnotes":""},"class_list":["post-1120","page","type-page","status-publish","hentry"],"_links":{"self":[{"href":"https:\/\/daniel-behmenburg.de\/index.php?rest_route=\/wp\/v2\/pages\/1120","targetHints":{"allow":["GET"]}}],"collection":[{"href":"https:\/\/daniel-behmenburg.de\/index.php?rest_route=\/wp\/v2\/pages"}],"about":[{"href":"https:\/\/daniel-behmenburg.de\/index.php?rest_route=\/wp\/v2\/types\/page"}],"author":[{"embeddable":true,"href":"https:\/\/daniel-behmenburg.de\/index.php?rest_route=\/wp\/v2\/users\/1"}],"replies":[{"embeddable":true,"href":"https:\/\/daniel-behmenburg.de\/index.php?rest_route=%2Fwp%2Fv2%2Fcomments&post=1120"}],"version-history":[{"count":5,"href":"https:\/\/daniel-behmenburg.de\/index.php?rest_route=\/wp\/v2\/pages\/1120\/revisions"}],"predecessor-version":[{"id":1191,"href":"https:\/\/daniel-behmenburg.de\/index.php?rest_route=\/wp\/v2\/pages\/1120\/revisions\/1191"}],"wp:attachment":[{"href":"https:\/\/daniel-behmenburg.de\/index.php?rest_route=%2Fwp%2Fv2%2Fmedia&parent=1120"}],"curies":[{"name":"wp","href":"https:\/\/api.w.org\/{rel}","templated":true}]}}

<figure class="wp-block-image size-large"><img loading="lazy" decoding="async" width="1024" height="723" src="http://daniel-behmenburg.de/wp-content/uploads/2020/08/Flyer_Sofortprogramm-001-1024x723.jpg" alt="" class="wp-image-1189" srcset="https://daniel-behmenburg.de/wp-content/uploads/2020/08/Flyer_Sofortprogramm-001-1024x723.jpg 1024w, https://daniel-behmenburg.de/wp-content/uploads/2020/08/Flyer_Sofortprogramm-001-300x212.jpg 300w, https://daniel-behmenburg.de/wp-content/uploads/2020/08/Flyer_Sofortprogramm-001-768x543.jpg 768w, https://daniel-behmenburg.de/wp-content/uploads/2020/08/Flyer_Sofortprogramm-001-1536x1085.jpg 1536w, https://daniel-behmenburg.de/wp-content/uploads/2020/08/Flyer_Sofortprogramm-001.jpg 1754w" sizes="auto, (max-width: 1024px) 100vw, 1024px" /></figure>



<figure class="wp-block-image size-large"><img loading="lazy" decoding="async" width="1024" height="723" src="http://daniel-behmenburg.de/wp-content/uploads/2020/08/Flyer_Sofortprogramm-002-1024x723.jpg" alt="" class="wp-image-1190" srcset="https://daniel-behmenburg.de/wp-content/uploads/2020/08/Flyer_Sofortprogramm-002-1024x723.jpg 1024w, https://daniel-behmenburg.de/wp-content/uploads/2020/08/Flyer_Sofortprogramm-002-300x212.jpg 300w, https://daniel-behmenburg.de/wp-content/uploads/2020/08/Flyer_Sofortprogramm-002-768x543.jpg 768w, https://daniel-behmenburg.de/wp-content/uploads/2020/08/Flyer_Sofortprogramm-002-1536x1085.jpg 1536w, https://daniel-behmenburg.de/wp-content/uploads/2020/08/Flyer_Sofortprogramm-002.jpg 1754w" sizes="auto, (max-width: 1024px) 100vw, 1024px" /></figure>



<p>Essen ist eine großartige, bunte und vielfältige Stadt – voller Potenzial, Kreativität, Engagement und vor allem liebenswerter Menschen. Als Kulturhauptstadt Europas 2010 oder auch Grüne Hauptstadt Europas 2017 haben wir uns beweisen können. Wir haben jeden Grund, stolz auf unsere Stadt zu sein. Aber Essen steht vor großen Herausforderungen. Die sozialen Schieflagen haben zugenommen, Bildungs- und Zukunftschancen hängen trotz aller Anstrengungen noch immer von der Postleitzahl ab. In Teilen unserer Stadt fühlen sich Menschen zunehmend unwohl und von positiven Entwicklungen abgekoppelt. Wir wollen jedoch, dass unsere Stadt zusammenbleibt – denn es geht nur gemeinsam. Für uns sind gegenseitiger Respekt und zupackende Solidarität die Grundlagen unseres Zusammenlebens. </p>



<p>Darum werden wir ein Jahrzehnt der Erneuerung einläuten. Für beste Bildung und gerechte Chancen. Für faire Verteilung von Lasten und Ressourcen. Für eine gleichwertige medizinische Infrastruktur in ganz Essen. Für bezahlbaren, zukunftssicheren und barrierefreien Wohnraum. Für eine demokratische Kultur, gegen Rechtsextremismus. Für respektvollen Umgang und ein gutes Zusammenleben. Für spürbare Sicherheit und Sauberkeit im Quartier durch eine Kultur des Hinsehens. Für eine Verkehrswende, die den Namen auch verdient. Und nicht zuletzt für eine Stadt, die den Kampf gegen den Klimawandel sozial gerecht gestaltet. Viele Menschen in Essen leben es vor: Mit großem Einsatz und unglaublichem Engagement machen sie unsere Stadt jeden Tag ein bisschen besser. Ihnen gebührt die größtmögliche Unterstützung.</p>



<div class="wp-block-file"><a href="http://daniel-behmenburg.de/wp-content/uploads/2020/08/Kommunalwahlprogramm-2020.pdf">Kommunalwahlprogramm 2020</a><a href="http://daniel-behmenburg.de/wp-content/uploads/2020/08/Kommunalwahlprogramm-2020.pdf" class="wp-block-file__button" download>Herunterladen</a></div>

<p>Essen ist eine großartige, bunte und vielfältige Stadt – voller Potenzial, Kreativität, Engagement und vor allem liebenswerter Menschen. Als Kulturhauptstadt Europas 2010 oder auch Grüne Hauptstadt Europas 2017 haben wir uns beweisen können. Wir haben jeden Grund, stolz auf unsere Stadt zu sein. Aber Essen steht vor großen Herausforderungen. Die [&hellip;]</p>
