{"id":848,"date":"2020-06-21T08:19:08","date_gmt":"2020-06-21T08:19:08","guid":{"rendered":"http:\/\/daniel-behmenburg.de\/?page_id=848"},"modified":"2020-06-21T08:19:09","modified_gmt":"2020-06-21T08:19:09","slug":"antraege-spd-bv-ix","status":"publish","type":"page","link":"http:\/\/daniel-behmenburg.de\/?page_id=848","title":{"rendered":"Antr\u00e4ge SPD BV IX"},"content":{"rendered":"\n<div class=\"wp-block-themeisle-blocks-advanced-columns has-1-columns has-desktop-equal-layout has-tablet-equal-layout has-mobile-equal-layout has-default-gap has-vertical-unset\" id=\"wp-block-themeisle-blocks-advanced-columns-51ed8029\"><div class=\"wp-block-themeisle-blocks-advanced-columns-overlay\"><\/div><div class=\"innerblocks-wrap\">\n<div class=\"wp-block-themeisle-blocks-advanced-column\" id=\"wp-block-themeisle-blocks-advanced-column-6db24e06\">\n<h2 class=\"wp-block-heading\"><strong>2020<\/strong><\/h2>\n\n\n\n<p><strong>Mai<\/strong><\/p>\n\n\n\n<ul class=\"wp-block-list\"><li><a href=\"https:\/\/danielbehmenburg.files.wordpress.com\/2020\/06\/antrag_bv_ix_0435-2020-gema.pdf\" target=\"_blank\" rel=\"noreferrer noopener\">2. Haushaltsmittelvergabe 2020 (0435\/2020\/GemA)<\/a><\/li><\/ul>\n\n\n\n<p><strong>Februar<\/strong><\/p>\n\n\n\n<ul class=\"wp-block-list\"><li><a href=\"https:\/\/danielbehmenburg.files.wordpress.com\/2020\/06\/antrag_bv_ix_0267-2020-gema.pdf\" target=\"_blank\" rel=\"noreferrer noopener\">1. Haushaltsmittelvergabe 2020 (0267\/2020\/GemA)<\/a><\/li><\/ul>\n\n\n\n<h2 class=\"wp-block-heading\"><strong>2019<\/strong><\/h2>\n\n\n\n<p><strong>November<\/strong><\/p>\n\n\n\n<ul class=\"wp-block-list\"><li><a href=\"https:\/\/danielbehmenburg.files.wordpress.com\/2020\/06\/antrag_bv_ix_1668-2019-spd-cdu-bl.pdf\" target=\"_blank\" rel=\"noreferrer noopener\">Vorschl\u00e4ge der j\u00fcngeren Generation umsetzen &#8211; Fahrradpark in Heidhausen pr\u00fcfen (1668\/2019\/SPD\/CDU\/BL)<\/a><\/li><li><a href=\"https:\/\/danielbehmenburg.files.wordpress.com\/2020\/06\/antrag_bv_ix_1667-2019-cdu-spd.pdf\" target=\"_blank\" rel=\"noreferrer noopener\">Zustand und Ausstattung der Grund-, Haupt- und Sonderschulen im Bezirk IX (1667\/2019\/CDU\/SPD)<\/a><\/li><li><a href=\"https:\/\/danielbehmenburg.files.wordpress.com\/2020\/06\/antrag_bv_ix_1660-2019-cdu-spd.pdf\" target=\"_blank\" rel=\"noreferrer noopener\">Brandgassenstiege (1660\/2019\/CDU\/SPD)<\/a><\/li><li><a href=\"https:\/\/danielbehmenburg.files.wordpress.com\/2020\/06\/antrag_bv_ix_1648-2019-spd.pdf\" target=\"_blank\" rel=\"noreferrer noopener\">Baustellenmanagement auf der Ringstra\u00dfe &#8211; weiteres Verkehrschaos verhindern (1648\/2019\/SPD)<\/a><\/li><li><a href=\"https:\/\/danielbehmenburg.files.wordpress.com\/2020\/06\/antrag_bv_ix_1650-2019-spd.pdf\" target=\"_blank\" rel=\"noreferrer noopener\">Aus dem vergangenen Sommer lernen, guten Beispielen folgen &#8211; Trinkwasserspender am Ruhrufer installieren (1650\/2019\/SPD)<\/a><\/li><li><a href=\"https:\/\/danielbehmenburg.files.wordpress.com\/2020\/06\/antrag_bv_ix_1651-2019-spd.pdf\" target=\"_blank\" rel=\"noreferrer noopener\">Beleuchtung des Weges zwischen den Stra\u00dfen &#8222;Am Hofacker&#8220; und &#8222;Corneliusstra\u00dfe&#8220; in Kettwig (1651\/2019\/SPD)<\/a><\/li><\/ul>\n\n\n\n<p><strong>September<\/strong><\/p>\n\n\n\n<ul class=\"wp-block-list\"><li><a href=\"https:\/\/danielbehmenburg.files.wordpress.com\/2020\/06\/antrag_bv_ix_1260-2019-cdu-spd.pdf\" target=\"_blank\" rel=\"noreferrer noopener\">Parkverbot im Teelbruch (1260\/2019\/CDU\/SPD)<\/a><\/li><li><a href=\"https:\/\/danielbehmenburg.files.wordpress.com\/2020\/06\/antrag_bv_ix_1262-2019-cdu-spd.pdf\" target=\"_blank\" rel=\"noreferrer noopener\">\u00d6ffentlicher Trinkwasserspender Freiligrathplatz (1262\/2019\/CDU\/SPD)<\/a><\/li><\/ul>\n\n\n\n<p><strong>Juni<\/strong><\/p>\n\n\n\n<ul class=\"wp-block-list\"><li><a href=\"https:\/\/danielbehmenburg.files.wordpress.com\/2020\/06\/antrag_bv_ix_1360-2018-spd.pdf\" target=\"_blank\" rel=\"noreferrer noopener\">Untergrund der Wege im Kettwiger Stadtwald (1360\/2018\/SPD)<\/a><\/li><li><a href=\"https:\/\/danielbehmenburg.files.wordpress.com\/2020\/06\/antrag_bv_ix_0888-2019-spd.pdf\" target=\"_blank\" rel=\"noreferrer noopener\">Kettwiger Ruhrbogen verkehrsberuhigen &#8211; neues Quartier weiter familienfreundlich gestalten (0888\/2019\/SPD)<\/a><\/li><\/ul>\n\n\n\n<p><strong>Mai<\/strong><\/p>\n\n\n\n<ul class=\"wp-block-list\"><li><a href=\"https:\/\/danielbehmenburg.files.wordpress.com\/2020\/06\/antrag_bv_ix_0576-2019-gema.pdf\" target=\"_blank\" rel=\"noreferrer noopener\">Rathausvorplatz Kettwig (0576\/2019\/GemA)<\/a><\/li><li><a href=\"https:\/\/danielbehmenburg.files.wordpress.com\/2020\/06\/antrag_bv_ix_0659-2019-cdu-spd.pdf\" target=\"_blank\" rel=\"noreferrer noopener\">Bindungswirkung der Beschl\u00fcsse von Bezirksvertretungen (0659\/2019\/CDU\/SPD)<\/a><\/li><li><a href=\"https:\/\/danielbehmenburg.files.wordpress.com\/2020\/06\/antrag_bv_ix_0800-2019-gema.pdf\" target=\"_blank\" rel=\"noreferrer noopener\">Masterplan f\u00fcr das L\u00f6wental (0800\/2019\/GemA)<\/a><\/li><\/ul>\n\n\n\n<p><strong>Februar<\/strong><\/p>\n\n\n\n<ul class=\"wp-block-list\"><li><a href=\"https:\/\/danielbehmenburg.files.wordpress.com\/2020\/06\/antrag_bv_ix_0173-2019-gema.pdf\" target=\"_blank\" rel=\"noreferrer noopener\">1. Haushaltsmittelvergabe 2019 (0173\/2019\/GemA)<\/a><\/li><li><a href=\"https:\/\/danielbehmenburg.files.wordpress.com\/2020\/06\/antrag_bv_ix_0328-2019-gema.pdf\" target=\"_blank\" rel=\"noreferrer noopener\">Kostenermittlung f\u00fcr Beleuchtung am Hexenberg und auf dem Brehm (0328\/2019\/GemA)<\/a><\/li><\/ul>\n\n\n\n<p><strong>Januar<\/strong><\/p>\n\n\n\n<ul class=\"wp-block-list\"><li><a href=\"https:\/\/danielbehmenburg.files.wordpress.com\/2020\/06\/antrag_bv_ix_0156-2019-cdu-spd.pdf\" target=\"_blank\" rel=\"noreferrer noopener\">Dringender Instandsetzungsbedarf von Stra\u00dfen im Stadtbezirk IX (0156\/2019\/CDU\/SPD)<\/a><\/li><li><a href=\"https:\/\/danielbehmenburg.files.wordpress.com\/2020\/06\/antrag_bv_ix_1356-2018-cdu-spd_1._ergaenzung.pdf\" target=\"_blank\" rel=\"noreferrer noopener\">Zeitplan dringender Ma\u00dfnahmen im L\u00f6wental in Essen-Werden (1356\/2018\/CDU\/SPD 1. Erg\u00e4nzung)<\/a><\/li><\/ul>\n\n\n\n<h2 class=\"wp-block-heading\"><strong>2018<\/strong><\/h2>\n\n\n\n<p><strong>November<\/strong><\/p>\n\n\n\n<ul class=\"wp-block-list\"><li><a href=\"https:\/\/danielbehmenburg.files.wordpress.com\/2018\/11\/antrag_bv_ix_1646-2018-gema.pdf\" target=\"_blank\" rel=\"noreferrer noopener\">Zukunft der Bredeney Stra\u00dfe (1646\/2018\/GemA)<\/a><\/li><li><a href=\"https:\/\/danielbehmenburg.files.wordpress.com\/2018\/11\/antrag_bv_ix_1647-2018-gema.pdf\" target=\"_blank\" rel=\"noreferrer noopener\">2. Haushaltsmittelvergabe 2018 (1647\/2018\/GemA)<\/a><\/li><li><a href=\"https:\/\/danielbehmenburg.files.wordpress.com\/2018\/11\/antrag_bv_ix_1722-2018-spd.pdf\" target=\"_blank\" rel=\"noreferrer noopener\">Auffangbeh\u00e4lter f\u00fcr Zigarettenkippen (1722\/2018\/SPD)<\/a><\/li><li><a href=\"https:\/\/danielbehmenburg.files.wordpress.com\/2018\/11\/antrag_bv_ix_1723-2018-spd.pdf\" target=\"_blank\" rel=\"noreferrer noopener\">Tempo 30 im L\u00f6wental (1723\/2018\/SPD)<\/a><\/li><\/ul>\n\n\n\n<p><strong>September<\/strong><\/p>\n\n\n\n<ul class=\"wp-block-list\"><li><a href=\"https:\/\/danielbehmenburg.files.wordpress.com\/2018\/10\/antrag_bv_ix_1361-2018-spd.pdf\" target=\"_blank\" rel=\"noreferrer noopener\">Verkehrsentlastung w\u00e4hrend der Bauma\u00dfnahme rund um den Freiligrathplatz in Kettwig (1361\/2018\/SPD)<\/a><\/li><li><a href=\"https:\/\/danielbehmenburg.files.wordpress.com\/2018\/10\/antrag_bv_ix_1360-2018-spd.pdf\" target=\"_blank\" rel=\"noreferrer noopener\">Untergrund der Wege im Kettwiger Stadtwald (1360\/2018\/SPD)<\/a><\/li><li><a href=\"https:\/\/danielbehmenburg.files.wordpress.com\/2018\/10\/antrag_bv_ix_1359-2018-spd.pdf\" target=\"_blank\" rel=\"noreferrer noopener\">Parkplatz Grashof-\/Meisenburgstra\u00dfe in Bredeney &#8211; Erhalten und optimieren (1359\/2018\/SPD)<\/a><\/li><li><a href=\"https:\/\/danielbehmenburg.files.wordpress.com\/2018\/10\/antrag_bv_ix_1358-2018-spd.pdf\" target=\"_blank\" rel=\"noreferrer noopener\">Standorte f\u00fcr die Feuerwehrwache 9 in Bredeney und Historie der bisherigen Planungen (1358\/2018\/SPD)<\/a><\/li><li><a href=\"https:\/\/danielbehmenburg.files.wordpress.com\/2018\/10\/antrag_bv_ix_1357-2018-spd.pdf\" target=\"_blank\" rel=\"noreferrer noopener\">Abstellm\u00f6glichkeiten f\u00fcr Fahrr\u00e4der in der Kettwiger Altstadt (1357\/2018\/SPD)<\/a><br><a href=\"https:\/\/danielbehmenburg.files.wordpress.com\/2018\/10\/antrag_bv_ix_1356-2018-cdu-spd.pdf\" target=\"_blank\" rel=\"noreferrer noopener\">Zeitplan dringender Ma\u00dfnahmen im L\u00f6wental in Essen-Werden (1356\/2018\/CDU\/SPD)<\/a><\/li><\/ul>\n\n\n\n<p><strong>Juni<\/strong><\/p>\n\n\n\n<ul class=\"wp-block-list\"><li><a href=\"https:\/\/danielbehmenburg.files.wordpress.com\/2018\/10\/antrag_bv_ix_0866-2018-spd.pdf\" target=\"_blank\" rel=\"noreferrer noopener\">Leinpfad weiter ausbauen statt historisches Pflaster zu asphaltieren (0866\/2018\/SPD)<\/a><\/li><li><a href=\"https:\/\/danielbehmenburg.files.wordpress.com\/2018\/10\/antrag_bv_ix_0864-2018-spd.pdf\" target=\"_blank\" rel=\"noreferrer noopener\">Hardenbergufer weiterhin f\u00fcr Naherholung sichern &#8211; Verkehrsfestsetzungen m\u00fcssen besser durchgesetzt werden (0864\/2018\/SPD)<\/a><\/li><li><a href=\"https:\/\/danielbehmenburg.files.wordpress.com\/2018\/10\/antrag_bv_ix_0863-2018-spd.pdf\" target=\"_blank\" rel=\"noreferrer noopener\">Sachstandsbericht \u00fcber den Zustand der Stauwehre und Schleusen im Stadtbezirk IX (0863\/2018\/SPD)<\/a><\/li><li><a href=\"https:\/\/danielbehmenburg.files.wordpress.com\/2018\/10\/antrag_bv_ix_0862-2018-spd.pdf\" target=\"_blank\" rel=\"noreferrer noopener\">Sachstandsbericht zu den Unwettersch\u00e4den in der Ruhrstra\u00dfe am 7. Juni 2018 (0862\/2018\/SPD)<\/a><\/li><\/ul>\n<\/div>\n<\/div><\/div>\n","protected":false},"excerpt":{"rendered":"","protected":false},"author":1,"featured_media":0,"parent":0,"menu_order":0,"comment_status":"closed","ping_status":"closed","template":"","meta":{"footnotes":""},"class_list":["post-848","page","type-page","status-publish","hentry"],"_links":{"self":[{"href":"http:\/\/daniel-behmenburg.de\/index.php?rest_route=\/wp\/v2\/pages\/848","targetHints":{"allow":["GET"]}}],"collection":[{"href":"http:\/\/daniel-behmenburg.de\/index.php?rest_route=\/wp\/v2\/pages"}],"about":[{"href":"http:\/\/daniel-behmenburg.de\/index.php?rest_route=\/wp\/v2\/types\/page"}],"author":[{"embeddable":true,"href":"http:\/\/daniel-behmenburg.de\/index.php?rest_route=\/wp\/v2\/users\/1"}],"replies":[{"embeddable":true,"href":"http:\/\/daniel-behmenburg.de\/index.php?rest_route=%2Fwp%2Fv2%2Fcomments&post=848"}],"version-history":[{"count":1,"href":"http:\/\/daniel-behmenburg.de\/index.php?rest_route=\/wp\/v2\/pages\/848\/revisions"}],"predecessor-version":[{"id":849,"href":"http:\/\/daniel-behmenburg.de\/index.php?rest_route=\/wp\/v2\/pages\/848\/revisions\/849"}],"wp:attachment":[{"href":"http:\/\/daniel-behmenburg.de\/index.php?rest_route=%2Fwp%2Fv2%2Fmedia&parent=848"}],"curies":[{"name":"wp","href":"https:\/\/api.w.org\/{rel}","templated":true}]}}