{"id":807,"date":"2020-06-21T08:08:33","date_gmt":"2020-06-21T08:08:33","guid":{"rendered":"http:\/\/daniel-behmenburg.de\/?page_id=807"},"modified":"2020-09-25T11:08:43","modified_gmt":"2020-09-25T11:08:43","slug":"kommunalwahl-2020","status":"publish","type":"page","link":"http:\/\/daniel-behmenburg.de\/?page_id=807","title":{"rendered":"Kommunalwahl 2020"},"content":{"rendered":"\n<figure class=\"wp-block-image size-large\"><img loading=\"lazy\" decoding=\"async\" width=\"2560\" height=\"2560\" src=\"http:\/\/daniel-behmenburg.de\/wp-content\/uploads\/2020\/09\/Sharepic-UB-Essen-Ergebnisse-Kettwig-scaled.jpg\" alt=\"\" class=\"wp-image-1234\" srcset=\"http:\/\/daniel-behmenburg.de\/wp-content\/uploads\/2020\/09\/Sharepic-UB-Essen-Ergebnisse-Kettwig-scaled.jpg 2560w, http:\/\/daniel-behmenburg.de\/wp-content\/uploads\/2020\/09\/Sharepic-UB-Essen-Ergebnisse-Kettwig-300x300.jpg 300w, http:\/\/daniel-behmenburg.de\/wp-content\/uploads\/2020\/09\/Sharepic-UB-Essen-Ergebnisse-Kettwig-768x768.jpg 768w, http:\/\/daniel-behmenburg.de\/wp-content\/uploads\/2020\/09\/Sharepic-UB-Essen-Ergebnisse-Kettwig-2048x2048.jpg 2048w\" sizes=\"auto, (max-width: 2560px) 100vw, 2560px\" \/><\/figure>\n\n\n\n<figure class=\"wp-block-image size-large\"><img loading=\"lazy\" decoding=\"async\" width=\"2560\" height=\"2560\" src=\"http:\/\/daniel-behmenburg.de\/wp-content\/uploads\/2020\/09\/Sharepic-UB-Essen-Ergebnisse-BV-IX-scaled.jpg\" alt=\"\" class=\"wp-image-1241\" srcset=\"http:\/\/daniel-behmenburg.de\/wp-content\/uploads\/2020\/09\/Sharepic-UB-Essen-Ergebnisse-BV-IX-scaled.jpg 2560w, http:\/\/daniel-behmenburg.de\/wp-content\/uploads\/2020\/09\/Sharepic-UB-Essen-Ergebnisse-BV-IX-300x300.jpg 300w, http:\/\/daniel-behmenburg.de\/wp-content\/uploads\/2020\/09\/Sharepic-UB-Essen-Ergebnisse-BV-IX-150x150.jpg 150w, http:\/\/daniel-behmenburg.de\/wp-content\/uploads\/2020\/09\/Sharepic-UB-Essen-Ergebnisse-BV-IX-768x768.jpg 768w, http:\/\/daniel-behmenburg.de\/wp-content\/uploads\/2020\/09\/Sharepic-UB-Essen-Ergebnisse-BV-IX-1536x1536.jpg 1536w, http:\/\/daniel-behmenburg.de\/wp-content\/uploads\/2020\/09\/Sharepic-UB-Essen-Ergebnisse-BV-IX-2048x2048.jpg 2048w\" sizes=\"auto, (max-width: 2560px) 100vw, 2560px\" \/><\/figure>\n\n\n\n<figure class=\"wp-block-embed-youtube wp-block-embed is-type-video is-provider-youtube wp-embed-aspect-16-9 wp-has-aspect-ratio\"><div class=\"wp-block-embed__wrapper\">\n<iframe loading=\"lazy\" title=\"Weniger reden. Mehr machen. F\u00fcr Essen!\" width=\"750\" height=\"422\" src=\"https:\/\/www.youtube.com\/embed\/VjGic-aJ1ME?feature=oembed\" frameborder=\"0\" allow=\"accelerometer; autoplay; clipboard-write; encrypted-media; gyroscope; picture-in-picture\" allowfullscreen><\/iframe>\n<\/div><\/figure>\n\n\n\n<figure class=\"wp-block-embed-youtube wp-block-embed is-type-video is-provider-youtube wp-embed-aspect-16-9 wp-has-aspect-ratio\"><div class=\"wp-block-embed__wrapper\">\n<iframe loading=\"lazy\" title=\"Daniel Behmenburg fu\u0308r den Stadtrat\" width=\"750\" height=\"422\" src=\"https:\/\/www.youtube.com\/embed\/kXaw_1pwmDw?feature=oembed\" frameborder=\"0\" allow=\"accelerometer; autoplay; clipboard-write; encrypted-media; gyroscope; picture-in-picture\" allowfullscreen><\/iframe>\n<\/div><\/figure>\n\n\n\n<figure class=\"wp-block-embed-youtube wp-block-embed is-type-video is-provider-youtube wp-embed-aspect-16-9 wp-has-aspect-ratio\"><div class=\"wp-block-embed__wrapper\">\n<iframe loading=\"lazy\" title=\"Essener Wunsch von Daniel Behmenburg zur Kommunalwahl 2020\" width=\"750\" height=\"422\" src=\"https:\/\/www.youtube.com\/embed\/A1woTFhLFMI?feature=oembed\" frameborder=\"0\" allow=\"accelerometer; autoplay; clipboard-write; encrypted-media; gyroscope; picture-in-picture\" allowfullscreen><\/iframe>\n<\/div><\/figure>\n\n\n\n<p>Am 13. September w\u00e4hlen die Menschen in Essen ihre politischen Vertreter f\u00fcr die n\u00e4chsten f\u00fcnf Jahre &#8230;<\/p>\n\n\n\n<p><strong>&#8230; den Oberb\u00fcrgermeister der Stadt Essen<\/strong>.<br>Wenn keiner der Bewerber im ersten Wahlgang die absolute Mehrheit erreicht, findet am 27. September eine Stichwahl unter den beiden bestplatzierten Bewerbern statt<\/p>\n\n\n\n<p><strong>&#8230; den Rat der Stadt Essen<\/strong>.<br>In jedem der 41 Kommunalwahlbezirke hat man die M\u00f6glichkeit, eine Bewerberin oder einen Bewerber direkt zu w\u00e4hlen. Mit derselben Stimme entscheidet man auch, wieviel Kanidatinnen und Kandidaten der jeweiligen Partei \u00fcber die Ratsreserveliste einziehen.<\/p>\n\n\n\n<p><strong>&#8230; die Bezirksvertretungen in den neun Stadtbezirken<\/strong>.<br>Hier w\u00e4hlen Sie die jeweilige Kandidatinnen- und Kandidatenliste der Partei in dem Stadtbezirk. Die drei ersten Kandidatinnen und Kandidaten finden Sie auch auf dem Stimmzettel. Entsprechend des Stimmenanteils zieht dann diese Liste.<\/p>\n\n\n\n<p><strong>&#8230; die Mitglieder des Ruhrparlaments<\/strong>.<br>Zum ersten Mal werden auch die Mitglieder des Ruhrparlaments in direkter Anstimmung von den B\u00fcrgerinnen und B\u00fcrgern gew\u00e4hlt.<\/p>\n","protected":false},"excerpt":{"rendered":"<p>Am 13. September w\u00e4hlen die Menschen in Essen ihre politischen Vertreter f\u00fcr die n\u00e4chsten f\u00fcnf Jahre &#8230; &#8230; den Oberb\u00fcrgermeister der Stadt Essen.Wenn keiner der Bewerber im ersten Wahlgang die absolute Mehrheit erreicht, findet am 27. September eine Stichwahl unter den beiden bestplatzierten Bewerbern statt &#8230; den Rat der Stadt [&hellip;]<\/p>\n","protected":false},"author":1,"featured_media":893,"parent":0,"menu_order":0,"comment_status":"closed","ping_status":"closed","template":"","meta":{"footnotes":""},"class_list":["post-807","page","type-page","status-publish","has-post-thumbnail","hentry"],"_links":{"self":[{"href":"http:\/\/daniel-behmenburg.de\/index.php?rest_route=\/wp\/v2\/pages\/807","targetHints":{"allow":["GET"]}}],"collection":[{"href":"http:\/\/daniel-behmenburg.de\/index.php?rest_route=\/wp\/v2\/pages"}],"about":[{"href":"http:\/\/daniel-behmenburg.de\/index.php?rest_route=\/wp\/v2\/types\/page"}],"author":[{"embeddable":true,"href":"http:\/\/daniel-behmenburg.de\/index.php?rest_route=\/wp\/v2\/users\/1"}],"replies":[{"embeddable":true,"href":"http:\/\/daniel-behmenburg.de\/index.php?rest_route=%2Fwp%2Fv2%2Fcomments&post=807"}],"version-history":[{"count":8,"href":"http:\/\/daniel-behmenburg.de\/index.php?rest_route=\/wp\/v2\/pages\/807\/revisions"}],"predecessor-version":[{"id":1244,"href":"http:\/\/daniel-behmenburg.de\/index.php?rest_route=\/wp\/v2\/pages\/807\/revisions\/1244"}],"wp:featuredmedia":[{"embeddable":true,"href":"http:\/\/daniel-behmenburg.de\/index.php?rest_route=\/wp\/v2\/media\/893"}],"wp:attachment":[{"href":"http:\/\/daniel-behmenburg.de\/index.php?rest_route=%2Fwp%2Fv2%2Fmedia&parent=807"}],"curies":[{"name":"wp","href":"https:\/\/api.w.org\/{rel}","templated":true}]}}

<figure class="wp-block-image size-large"><img loading="lazy" decoding="async" width="2560" height="2560" src="http://daniel-behmenburg.de/wp-content/uploads/2020/09/Sharepic-UB-Essen-Ergebnisse-Kettwig-scaled.jpg" alt="" class="wp-image-1234" srcset="http://daniel-behmenburg.de/wp-content/uploads/2020/09/Sharepic-UB-Essen-Ergebnisse-Kettwig-scaled.jpg 2560w, http://daniel-behmenburg.de/wp-content/uploads/2020/09/Sharepic-UB-Essen-Ergebnisse-Kettwig-300x300.jpg 300w, http://daniel-behmenburg.de/wp-content/uploads/2020/09/Sharepic-UB-Essen-Ergebnisse-Kettwig-768x768.jpg 768w, http://daniel-behmenburg.de/wp-content/uploads/2020/09/Sharepic-UB-Essen-Ergebnisse-Kettwig-2048x2048.jpg 2048w" sizes="auto, (max-width: 2560px) 100vw, 2560px" /></figure>



<figure class="wp-block-image size-large"><img loading="lazy" decoding="async" width="2560" height="2560" src="http://daniel-behmenburg.de/wp-content/uploads/2020/09/Sharepic-UB-Essen-Ergebnisse-BV-IX-scaled.jpg" alt="" class="wp-image-1241" srcset="http://daniel-behmenburg.de/wp-content/uploads/2020/09/Sharepic-UB-Essen-Ergebnisse-BV-IX-scaled.jpg 2560w, http://daniel-behmenburg.de/wp-content/uploads/2020/09/Sharepic-UB-Essen-Ergebnisse-BV-IX-300x300.jpg 300w, http://daniel-behmenburg.de/wp-content/uploads/2020/09/Sharepic-UB-Essen-Ergebnisse-BV-IX-150x150.jpg 150w, http://daniel-behmenburg.de/wp-content/uploads/2020/09/Sharepic-UB-Essen-Ergebnisse-BV-IX-768x768.jpg 768w, http://daniel-behmenburg.de/wp-content/uploads/2020/09/Sharepic-UB-Essen-Ergebnisse-BV-IX-1536x1536.jpg 1536w, http://daniel-behmenburg.de/wp-content/uploads/2020/09/Sharepic-UB-Essen-Ergebnisse-BV-IX-2048x2048.jpg 2048w" sizes="auto, (max-width: 2560px) 100vw, 2560px" /></figure>



<figure class="wp-block-embed-youtube wp-block-embed is-type-video is-provider-youtube wp-embed-aspect-16-9 wp-has-aspect-ratio"><div class="wp-block-embed__wrapper">
<iframe loading="lazy" title="Weniger reden. Mehr machen. Für Essen!" width="750" height="422" src="https://www.youtube.com/embed/VjGic-aJ1ME?feature=oembed" frameborder="0" allow="accelerometer; autoplay; clipboard-write; encrypted-media; gyroscope; picture-in-picture" allowfullscreen></iframe>
</div></figure>



<figure class="wp-block-embed-youtube wp-block-embed is-type-video is-provider-youtube wp-embed-aspect-16-9 wp-has-aspect-ratio"><div class="wp-block-embed__wrapper">
<iframe loading="lazy" title="Daniel Behmenburg für den Stadtrat" width="750" height="422" src="https://www.youtube.com/embed/kXaw_1pwmDw?feature=oembed" frameborder="0" allow="accelerometer; autoplay; clipboard-write; encrypted-media; gyroscope; picture-in-picture" allowfullscreen></iframe>
</div></figure>



<figure class="wp-block-embed-youtube wp-block-embed is-type-video is-provider-youtube wp-embed-aspect-16-9 wp-has-aspect-ratio"><div class="wp-block-embed__wrapper">
<iframe loading="lazy" title="Essener Wunsch von Daniel Behmenburg zur Kommunalwahl 2020" width="750" height="422" src="https://www.youtube.com/embed/A1woTFhLFMI?feature=oembed" frameborder="0" allow="accelerometer; autoplay; clipboard-write; encrypted-media; gyroscope; picture-in-picture" allowfullscreen></iframe>
</div></figure>



<p>Am 13. September wählen die Menschen in Essen ihre politischen Vertreter für die nächsten fünf Jahre &#8230;</p>



<p><strong>&#8230; den Oberbürgermeister der Stadt Essen</strong>.<br>Wenn keiner der Bewerber im ersten Wahlgang die absolute Mehrheit erreicht, findet am 27. September eine Stichwahl unter den beiden bestplatzierten Bewerbern statt</p>



<p><strong>&#8230; den Rat der Stadt Essen</strong>.<br>In jedem der 41 Kommunalwahlbezirke hat man die Möglichkeit, eine Bewerberin oder einen Bewerber direkt zu wählen. Mit derselben Stimme entscheidet man auch, wieviel Kanidatinnen und Kandidaten der jeweiligen Partei über die Ratsreserveliste einziehen.</p>



<p><strong>&#8230; die Bezirksvertretungen in den neun Stadtbezirken</strong>.<br>Hier wählen Sie die jeweilige Kandidatinnen- und Kandidatenliste der Partei in dem Stadtbezirk. Die drei ersten Kandidatinnen und Kandidaten finden Sie auch auf dem Stimmzettel. Entsprechend des Stimmenanteils zieht dann diese Liste.</p>



<p><strong>&#8230; die Mitglieder des Ruhrparlaments</strong>.<br>Zum ersten Mal werden auch die Mitglieder des Ruhrparlaments in direkter Anstimmung von den Bürgerinnen und Bürgern gewählt.</p>

<p>Am 13. September wählen die Menschen in Essen ihre politischen Vertreter für die nächsten fünf Jahre &#8230; &#8230; den Oberbürgermeister der Stadt Essen.Wenn keiner der Bewerber im ersten Wahlgang die absolute Mehrheit erreicht, findet am 27. September eine Stichwahl unter den beiden bestplatzierten Bewerbern statt &#8230; den Rat der Stadt [&hellip;]</p>
