{"id":1131,"date":"2020-08-08T06:37:10","date_gmt":"2020-08-08T06:37:10","guid":{"rendered":"http:\/\/daniel-behmenburg.de\/?page_id=1131"},"modified":"2020-08-29T14:56:35","modified_gmt":"2020-08-29T14:56:35","slug":"themenwoche-verkehr","status":"publish","type":"page","link":"http:\/\/daniel-behmenburg.de\/?page_id=1131","title":{"rendered":"Themenwoche Verkehr"},"content":{"rendered":"\n<figure class=\"wp-block-image size-large\"><img loading=\"lazy\" decoding=\"async\" width=\"1024\" height=\"726\" src=\"http:\/\/daniel-behmenburg.de\/wp-content\/uploads\/2020\/08\/Postkarte-A6-Woche-2-Verkehr-Daniel-1024x726.jpg\" alt=\"\" class=\"wp-image-1132\" srcset=\"http:\/\/daniel-behmenburg.de\/wp-content\/uploads\/2020\/08\/Postkarte-A6-Woche-2-Verkehr-Daniel-1024x726.jpg 1024w, http:\/\/daniel-behmenburg.de\/wp-content\/uploads\/2020\/08\/Postkarte-A6-Woche-2-Verkehr-Daniel-300x213.jpg 300w, http:\/\/daniel-behmenburg.de\/wp-content\/uploads\/2020\/08\/Postkarte-A6-Woche-2-Verkehr-Daniel-768x545.jpg 768w, http:\/\/daniel-behmenburg.de\/wp-content\/uploads\/2020\/08\/Postkarte-A6-Woche-2-Verkehr-Daniel-1536x1090.jpg 1536w, http:\/\/daniel-behmenburg.de\/wp-content\/uploads\/2020\/08\/Postkarte-A6-Woche-2-Verkehr-Daniel.jpg 1748w\" sizes=\"auto, (max-width: 1024px) 100vw, 1024px\" \/><\/figure>\n\n\n\n<figure class=\"wp-block-image size-large\"><img loading=\"lazy\" decoding=\"async\" width=\"1024\" height=\"726\" src=\"http:\/\/daniel-behmenburg.de\/wp-content\/uploads\/2020\/08\/Postkarte-A6-Woche-2-Verkehr-Daniel2-1024x726.jpg\" alt=\"\" class=\"wp-image-1133\" srcset=\"http:\/\/daniel-behmenburg.de\/wp-content\/uploads\/2020\/08\/Postkarte-A6-Woche-2-Verkehr-Daniel2-1024x726.jpg 1024w, http:\/\/daniel-behmenburg.de\/wp-content\/uploads\/2020\/08\/Postkarte-A6-Woche-2-Verkehr-Daniel2-300x213.jpg 300w, http:\/\/daniel-behmenburg.de\/wp-content\/uploads\/2020\/08\/Postkarte-A6-Woche-2-Verkehr-Daniel2-768x545.jpg 768w, http:\/\/daniel-behmenburg.de\/wp-content\/uploads\/2020\/08\/Postkarte-A6-Woche-2-Verkehr-Daniel2-1536x1090.jpg 1536w, http:\/\/daniel-behmenburg.de\/wp-content\/uploads\/2020\/08\/Postkarte-A6-Woche-2-Verkehr-Daniel2.jpg 1748w\" sizes=\"auto, (max-width: 1024px) 100vw, 1024px\" \/><\/figure>\n\n\n\n<p>Liebe Kettwigerinnen und Kettwiger,<\/p>\n\n\n\n<p>Mobilit\u00e4t ist das Zukunftsthema Nr. 1. Gerade der \u00f6ffentliche Nahverkehr ist bei der Verkehrswende gefordert und muss zu einer echten Alternative zum Auto werden. Bus- und Bahnsteige, die einladend, sauber und barrierefrei sind. Verbindungen, die einen schnell von A nach B bringen. Innovative Verkehrssysteme und -konzepte, die die M\u00f6glichkeiten der Digitalisierung nutzen. Tarife, die bezahlbar sind. Das erwarten die Menschen zurecht von einem modernen Nahverkehr. Und da haben wir noch verdammt viel Nachholbedarf.<\/p>\n\n\n\n<p>Radfahrer und Fu\u00dfg\u00e4nger insbesondere sind die schw\u00e4cheren Teilnehmer auf unseren Stra\u00dfen und Wegen. Deshalb m\u00fcssen wir diese besonders sch\u00fctzen und ihnen ausreichend Platz einr\u00e4umen. F\u00fcr Pendler m\u00fcssen wir Parkraum an den Bahnh\u00f6fen schaffen. Nicht vergessen d\u00fcrfen wir unsere mobilit\u00e4tseingeschr\u00e4nkten Mitb\u00fcrgerinnen und Mitb\u00fcrger. Diese sind teilweise auf das Auto angewiesen. F\u00fcr sie m\u00fcssen wir daf\u00fcr sorgen, dass zum Beispiel der Arztbesuch und das selbst\u00e4ndige Einkaufen weiterhin problemlos m\u00f6glich sind.<\/p>\n\n\n\n<p>Das alles erfordert aber ein gutes Miteinander aller Verkehrsteilnehmer, f\u00fcr das wir vornehmlich sorgen m\u00fcssen. Eine Mobilit\u00e4t der Zukunft bekommen wir nur gemeinsam hin.<\/p>\n\n\n\n<p>F\u00fcr die SPD in Kettwig gr\u00fc\u00dfen ganz herzlich<\/p>\n\n\n\n<p>Daniel Behmenburg &amp; Oliver Kern<\/p>\n\n\n\n<p><em>Pressemitteilung zur Themenwoche Verkehr <a href=\"http:\/\/daniel-behmenburg.de\/?p=1128\">http:\/\/daniel-behmenburg.de\/?p=1128<\/a><\/em><\/p>\n","protected":false},"excerpt":{"rendered":"<p>Liebe Kettwigerinnen und Kettwiger, Mobilit\u00e4t ist das Zukunftsthema Nr. 1. Gerade der \u00f6ffentliche Nahverkehr ist bei der Verkehrswende gefordert und muss zu einer echten Alternative zum Auto werden. Bus- und Bahnsteige, die einladend, sauber und barrierefrei sind. Verbindungen, die einen schnell von A nach B bringen. Innovative Verkehrssysteme und -konzepte, [&hellip;]<\/p>\n","protected":false},"author":1,"featured_media":0,"parent":0,"menu_order":0,"comment_status":"closed","ping_status":"closed","template":"","meta":{"footnotes":""},"class_list":["post-1131","page","type-page","status-publish","hentry"],"_links":{"self":[{"href":"http:\/\/daniel-behmenburg.de\/index.php?rest_route=\/wp\/v2\/pages\/1131","targetHints":{"allow":["GET"]}}],"collection":[{"href":"http:\/\/daniel-behmenburg.de\/index.php?rest_route=\/wp\/v2\/pages"}],"about":[{"href":"http:\/\/daniel-behmenburg.de\/index.php?rest_route=\/wp\/v2\/types\/page"}],"author":[{"embeddable":true,"href":"http:\/\/daniel-behmenburg.de\/index.php?rest_route=\/wp\/v2\/users\/1"}],"replies":[{"embeddable":true,"href":"http:\/\/daniel-behmenburg.de\/index.php?rest_route=%2Fwp%2Fv2%2Fcomments&post=1131"}],"version-history":[{"count":4,"href":"http:\/\/daniel-behmenburg.de\/index.php?rest_route=\/wp\/v2\/pages\/1131\/revisions"}],"predecessor-version":[{"id":1186,"href":"http:\/\/daniel-behmenburg.de\/index.php?rest_route=\/wp\/v2\/pages\/1131\/revisions\/1186"}],"wp:attachment":[{"href":"http:\/\/daniel-behmenburg.de\/index.php?rest_route=%2Fwp%2Fv2%2Fmedia&parent=1131"}],"curies":[{"name":"wp","href":"https:\/\/api.w.org\/{rel}","templated":true}]}}

<figure class="wp-block-image size-large"><img loading="lazy" decoding="async" width="1024" height="726" src="http://daniel-behmenburg.de/wp-content/uploads/2020/08/Postkarte-A6-Woche-2-Verkehr-Daniel-1024x726.jpg" alt="" class="wp-image-1132" srcset="http://daniel-behmenburg.de/wp-content/uploads/2020/08/Postkarte-A6-Woche-2-Verkehr-Daniel-1024x726.jpg 1024w, http://daniel-behmenburg.de/wp-content/uploads/2020/08/Postkarte-A6-Woche-2-Verkehr-Daniel-300x213.jpg 300w, http://daniel-behmenburg.de/wp-content/uploads/2020/08/Postkarte-A6-Woche-2-Verkehr-Daniel-768x545.jpg 768w, http://daniel-behmenburg.de/wp-content/uploads/2020/08/Postkarte-A6-Woche-2-Verkehr-Daniel-1536x1090.jpg 1536w, http://daniel-behmenburg.de/wp-content/uploads/2020/08/Postkarte-A6-Woche-2-Verkehr-Daniel.jpg 1748w" sizes="auto, (max-width: 1024px) 100vw, 1024px" /></figure>



<figure class="wp-block-image size-large"><img loading="lazy" decoding="async" width="1024" height="726" src="http://daniel-behmenburg.de/wp-content/uploads/2020/08/Postkarte-A6-Woche-2-Verkehr-Daniel2-1024x726.jpg" alt="" class="wp-image-1133" srcset="http://daniel-behmenburg.de/wp-content/uploads/2020/08/Postkarte-A6-Woche-2-Verkehr-Daniel2-1024x726.jpg 1024w, http://daniel-behmenburg.de/wp-content/uploads/2020/08/Postkarte-A6-Woche-2-Verkehr-Daniel2-300x213.jpg 300w, http://daniel-behmenburg.de/wp-content/uploads/2020/08/Postkarte-A6-Woche-2-Verkehr-Daniel2-768x545.jpg 768w, http://daniel-behmenburg.de/wp-content/uploads/2020/08/Postkarte-A6-Woche-2-Verkehr-Daniel2-1536x1090.jpg 1536w, http://daniel-behmenburg.de/wp-content/uploads/2020/08/Postkarte-A6-Woche-2-Verkehr-Daniel2.jpg 1748w" sizes="auto, (max-width: 1024px) 100vw, 1024px" /></figure>



<p>Liebe Kettwigerinnen und Kettwiger,</p>



<p>Mobilität ist das Zukunftsthema Nr. 1. Gerade der öffentliche Nahverkehr ist bei der Verkehrswende gefordert und muss zu einer echten Alternative zum Auto werden. Bus- und Bahnsteige, die einladend, sauber und barrierefrei sind. Verbindungen, die einen schnell von A nach B bringen. Innovative Verkehrssysteme und -konzepte, die die Möglichkeiten der Digitalisierung nutzen. Tarife, die bezahlbar sind. Das erwarten die Menschen zurecht von einem modernen Nahverkehr. Und da haben wir noch verdammt viel Nachholbedarf.</p>



<p>Radfahrer und Fußgänger insbesondere sind die schwächeren Teilnehmer auf unseren Straßen und Wegen. Deshalb müssen wir diese besonders schützen und ihnen ausreichend Platz einräumen. Für Pendler müssen wir Parkraum an den Bahnhöfen schaffen. Nicht vergessen dürfen wir unsere mobilitätseingeschränkten Mitbürgerinnen und Mitbürger. Diese sind teilweise auf das Auto angewiesen. Für sie müssen wir dafür sorgen, dass zum Beispiel der Arztbesuch und das selbständige Einkaufen weiterhin problemlos möglich sind.</p>



<p>Das alles erfordert aber ein gutes Miteinander aller Verkehrsteilnehmer, für das wir vornehmlich sorgen müssen. Eine Mobilität der Zukunft bekommen wir nur gemeinsam hin.</p>



<p>Für die SPD in Kettwig grüßen ganz herzlich</p>



<p>Daniel Behmenburg &amp; Oliver Kern</p>



<p><em>Pressemitteilung zur Themenwoche Verkehr <a href="http://daniel-behmenburg.de/?p=1128">http://daniel-behmenburg.de/?p=1128</a></em></p>

<p>Liebe Kettwigerinnen und Kettwiger, Mobilität ist das Zukunftsthema Nr. 1. Gerade der öffentliche Nahverkehr ist bei der Verkehrswende gefordert und muss zu einer echten Alternative zum Auto werden. Bus- und Bahnsteige, die einladend, sauber und barrierefrei sind. Verbindungen, die einen schnell von A nach B bringen. Innovative Verkehrssysteme und -konzepte, [&hellip;]</p>
